{"id":9973,"date":"2025-09-03T08:12:24","date_gmt":"2025-09-03T06:12:24","guid":{"rendered":"https:\/\/www.ergocontech.no\/shop\/?post_type=product&#038;p=9973"},"modified":"2026-02-13T13:27:00","modified_gmt":"2026-02-13T12:27:00","slug":"brook-wingman-fgc2","status":"publish","type":"product","link":"https:\/\/www.ergocontech.no\/shop\/produkt\/brook-wingman-fgc2\/","title":{"rendered":"Brook Wingman FGC2"},"content":{"rendered":"<p><iframe title=\"Connecting to the PlayStation 5 with the Brook FGC 2 Adapter\" width=\"980\" height=\"551\" src=\"https:\/\/www.youtube.com\/embed\/xZIFwUZPbac?start=3&#038;feature=oembed\" frameborder=\"0\" allow=\"accelerometer; autoplay; clipboard-write; encrypted-media; gyroscope; picture-in-picture; web-share\" referrerpolicy=\"strict-origin-when-cross-origin\" allowfullscreen><\/iframe><\/p>\n<p>Utdypet produktinfo finner du p\u00e5 <a href=\"https:\/\/www.brookaccessory.com\/products\/wingmanfgc2\/index.html\">produsentens hjemmesider.<\/a><\/p>\n<p>Dimensjoner og vekt<\/p>\n<p>77 x 20 xx 13 mm<\/p>\n<p>13,4 g<\/p>\n<p><span style=\"color: #ffffff;\">FGC2<\/span><\/p>\n","protected":false},"excerpt":{"rendered":"<p>Brook Wingman FGC2 er en USB-adapter som gj\u00f8r det mulig \u00e5 tilkoble Quadstick til Playstation 5.<\/p>\n<p>Quadstick kobles til Brook Wingman FGC2, som deretter kobles til PS5.<\/p>\n<p>Ogs\u00e5 mulig \u00e5 bruke for \u00e5 tilkoble Xbox Adaptive Controller til PS5.<\/p>\n<p>HMS art.nr: 334002<\/p>\n<p><span style=\"color: #3366ff;\">Bestillingsvare: Leveringstid 60 dager<\/span><\/p>\n","protected":false},"featured_media":9974,"template":"","meta":[],"product_brand":[],"product_cat":[32,83],"product_tag":[],"class_list":{"0":"post-9973","1":"product","2":"type-product","3":"status-publish","4":"has-post-thumbnail","6":"product_cat-gaming","7":"product_cat-playstation5","9":"first","10":"instock","11":"taxable","12":"shipping-taxable","13":"purchasable","14":"product-type-simple"},"_links":{"self":[{"href":"https:\/\/www.ergocontech.no\/shop\/wp-json\/wp\/v2\/product\/9973","targetHints":{"allow":["GET"]}}],"collection":[{"href":"https:\/\/www.ergocontech.no\/shop\/wp-json\/wp\/v2\/product"}],"about":[{"href":"https:\/\/www.ergocontech.no\/shop\/wp-json\/wp\/v2\/types\/product"}],"wp:featuredmedia":[{"embeddable":true,"href":"https:\/\/www.ergocontech.no\/shop\/wp-json\/wp\/v2\/media\/9974"}],"wp:attachment":[{"href":"https:\/\/www.ergocontech.no\/shop\/wp-json\/wp\/v2\/media?parent=9973"}],"wp:term":[{"taxonomy":"product_brand","embeddable":true,"href":"https:\/\/www.ergocontech.no\/shop\/wp-json\/wp\/v2\/product_brand?post=9973"},{"taxonomy":"product_cat","embeddable":true,"href":"https:\/\/www.ergocontech.no\/shop\/wp-json\/wp\/v2\/product_cat?post=9973"},{"taxonomy":"product_tag","embeddable":true,"href":"https:\/\/www.ergocontech.no\/shop\/wp-json\/wp\/v2\/product_tag?post=9973"}],"curies":[{"name":"wp","href":"https:\/\/api.w.org\/{rel}","templated":true}]}}