{"id":9748,"date":"2025-03-10T20:22:43","date_gmt":"2025-03-10T19:22:43","guid":{"rendered":"https:\/\/www.ergocontech.no\/shop\/?post_type=product&#038;p=9748"},"modified":"2025-03-10T20:22:43","modified_gmt":"2025-03-10T19:22:43","slug":"littlemack","status":"publish","type":"product","link":"https:\/\/www.ergocontech.no\/shop\/produkt\/littlemack\/","title":{"rendered":"LITTLEmack"},"content":{"rendered":"<p><strong>Oversikt<\/strong><\/p>\n<p>Start din kommunikasjonsreise med en LITTLEmack kommunikasjonsenhet. Med et enkelt trykk p\u00e5 den fargede toppen kan brukeren spille av en forh\u00e5ndsinnspilt melding p\u00e5 opptil 2 minutter. Nye meldinger kan raskt og enkelt tas opp gjennom dagen, slik at brukeren f\u00e5r mulighet til \u00e5 kommunisere i nesten enhver situasjon.<\/p>\n<p><strong>Vanlige bruksomr\u00e5der<\/strong><\/p>\n<ul>\n<li>Be om noe, som &laquo;Jeg vil ha&raquo; eller &laquo;Jeg trenger hjelp&raquo;<\/li>\n<li>Delta i aktiviteter med &laquo;Bla om siden&raquo; eller &laquo;Det er din tur&raquo;<\/li>\n<li>Fortelle klassekamerater hva du gjorde i helgen under morgensamlingen<\/li>\n<li>Legge til kommunikasjon for en bryterstyrt leke eller en husholdningsenhet<\/li>\n<\/ul>\n<p><strong>Egenskaper<\/strong><\/p>\n<ul>\n<li>Forbedret digital lydkvalitet \u2013 egnet for nesten alle milj\u00f8er<\/li>\n<li>Fire utskiftbare toppfarger \u2013 r\u00f8d, gul, gr\u00f8nn og bl\u00e5<\/li>\n<li>Gjennomsiktig deksel \u2013 fest bildesymboler for \u00e5 gi brukeren kontekst<\/li>\n<li>Myk overflate \u2013 gj\u00f8r enheten enklere \u00e5 holde<\/li>\n<\/ul>\n<p><strong>Symboloverlegg<\/strong><\/p>\n<p>Symboloverlegg er ikke inkludert med LITTLEmack. Last ned den gratis <a href=\"https:\/\/apps.apple.com\/us\/app\/symbol-overlay-maker\/id1510255596\">AbleNet Symbol Overlay appen<\/a> for iPad for \u00e5 lage symboloverlegg til din AbleNet kommunikasjonsenhet.<\/p>\n<p><span style=\"color: #ffffff;\">10000042<\/span><\/p>\n","protected":false},"excerpt":{"rendered":"<h3><span class=\"facetedSearch-toggle-text pdp-tabs\">Tekniske Spesifikasjoner<\/span><\/h3>\n<div id=\"TechnicalSpecifications\" class=\"tab_content tab_content_link is-open\" aria-hidden=\"false\">\n<div class=\"tab_content_wrap\">\n<ul>\n<li>Meldinger\/Niv\u00e5er: 1\/0<\/li>\n<li>Opptakstid: 2 minutter<\/li>\n<li>Inngang for bryter: 1<\/li>\n<li>Utgang for leket\u00f8y\/utstyr\/ECU: 1<\/li>\n<li>Aktiveringskraft: 57-85 g<\/li>\n<li>Vekt med batteri: 241 g<\/li>\n<\/ul>\n<p>HMS art.nr: <span class=\"point_sym_span point_sym_hover_span_nosymbol\">028263<\/span><\/p>\n<p><span style=\"color: #3366ff;\">P\u00e5 produsentlager. Estimert leveringstid 11 dager.<\/span><\/p>\n<\/div>\n<\/div>\n","protected":false},"featured_media":9788,"template":"","meta":[],"product_brand":[],"product_cat":[67],"product_tag":[],"class_list":{"0":"post-9748","1":"product","2":"type-product","3":"status-publish","4":"has-post-thumbnail","6":"product_cat-kommunikasjon","8":"first","9":"instock","10":"taxable","11":"shipping-taxable","12":"purchasable","13":"product-type-simple"},"_links":{"self":[{"href":"https:\/\/www.ergocontech.no\/shop\/wp-json\/wp\/v2\/product\/9748","targetHints":{"allow":["GET"]}}],"collection":[{"href":"https:\/\/www.ergocontech.no\/shop\/wp-json\/wp\/v2\/product"}],"about":[{"href":"https:\/\/www.ergocontech.no\/shop\/wp-json\/wp\/v2\/types\/product"}],"wp:featuredmedia":[{"embeddable":true,"href":"https:\/\/www.ergocontech.no\/shop\/wp-json\/wp\/v2\/media\/9788"}],"wp:attachment":[{"href":"https:\/\/www.ergocontech.no\/shop\/wp-json\/wp\/v2\/media?parent=9748"}],"wp:term":[{"taxonomy":"product_brand","embeddable":true,"href":"https:\/\/www.ergocontech.no\/shop\/wp-json\/wp\/v2\/product_brand?post=9748"},{"taxonomy":"product_cat","embeddable":true,"href":"https:\/\/www.ergocontech.no\/shop\/wp-json\/wp\/v2\/product_cat?post=9748"},{"taxonomy":"product_tag","embeddable":true,"href":"https:\/\/www.ergocontech.no\/shop\/wp-json\/wp\/v2\/product_tag?post=9748"}],"curies":[{"name":"wp","href":"https:\/\/api.w.org\/{rel}","templated":true}]}}