{"id":9624,"date":"2024-11-03T08:30:37","date_gmt":"2024-11-03T07:30:37","guid":{"rendered":"https:\/\/www.ergocontech.no\/shop\/?post_type=product&#038;p=9624"},"modified":"2024-11-12T17:28:24","modified_gmt":"2024-11-12T16:28:24","slug":"grasp-switch","status":"publish","type":"product","link":"https:\/\/www.ergocontech.no\/shop\/produkt\/grasp-switch\/","title":{"rendered":"Grasp Switch"},"content":{"rendered":"<h3><strong>Egenskaper<\/strong><\/h3>\n<ul>\n<li>Aktiveringskraft: ca. 300g (10,6 oz) m\u00e5lt p\u00e5 spissen.<\/li>\n<li>Montering: Ved bruk av klemme<\/li>\n<li>Aktiveringsomr\u00e5de: hvor som helst p\u00e5 90 mm x 30 mm diameter skaft.<\/li>\n<li>Monterings-\/klemmeomr\u00e5de: 18,5 mm x 19 mm diameter.<\/li>\n<li>H\u00f8rbar tilbakemelding: Nei<\/li>\n<li>Taktil tilbakemelding: Nei<\/li>\n<li>Visuell tilbakemelding: Nei<\/li>\n<li>Tilkobling: 3,5 mm mono jack-plugg<\/li>\n<li>Str\u00f8m: 30 mA ved maks 30 VDC<\/li>\n<li>Kabellengde: 150 cm (5 fot)<\/li>\n<li>Brytertype: Trykk for \u00e5 aktivere (Normalt \u00e5pen)<\/li>\n<li>Batteri: Ingen<\/li>\n<\/ul>\n<p><span style=\"color: #ffffff;\">GRASPSW<\/span><\/p>\n","protected":false},"excerpt":{"rendered":"<p><strong>Grasp Switch<\/strong> er en\u00a0 bryter som kan holdes i h\u00e5ndflaten og aktiveres ved \u00e5 klemme eller klype gummih\u00e5ndtaket.<\/p>\n<p><span style=\"color: #0000ff;\">P\u00e5 produsentlager. Estimert levering 11 dager.<\/span><\/p>\n","protected":false},"featured_media":9629,"template":"","meta":[],"product_brand":[],"product_cat":[16,25,59],"product_tag":[],"class_list":{"0":"post-9624","1":"product","2":"type-product","3":"status-publish","4":"has-post-thumbnail","6":"product_cat-brytere","7":"product_cat-kablede-brytere","8":"product_cat-middelstore-brytere","10":"first","11":"instock","12":"taxable","13":"shipping-taxable","14":"purchasable","15":"product-type-simple"},"_links":{"self":[{"href":"https:\/\/www.ergocontech.no\/shop\/wp-json\/wp\/v2\/product\/9624","targetHints":{"allow":["GET"]}}],"collection":[{"href":"https:\/\/www.ergocontech.no\/shop\/wp-json\/wp\/v2\/product"}],"about":[{"href":"https:\/\/www.ergocontech.no\/shop\/wp-json\/wp\/v2\/types\/product"}],"wp:featuredmedia":[{"embeddable":true,"href":"https:\/\/www.ergocontech.no\/shop\/wp-json\/wp\/v2\/media\/9629"}],"wp:attachment":[{"href":"https:\/\/www.ergocontech.no\/shop\/wp-json\/wp\/v2\/media?parent=9624"}],"wp:term":[{"taxonomy":"product_brand","embeddable":true,"href":"https:\/\/www.ergocontech.no\/shop\/wp-json\/wp\/v2\/product_brand?post=9624"},{"taxonomy":"product_cat","embeddable":true,"href":"https:\/\/www.ergocontech.no\/shop\/wp-json\/wp\/v2\/product_cat?post=9624"},{"taxonomy":"product_tag","embeddable":true,"href":"https:\/\/www.ergocontech.no\/shop\/wp-json\/wp\/v2\/product_tag?post=9624"}],"curies":[{"name":"wp","href":"https:\/\/api.w.org\/{rel}","templated":true}]}}