{"id":9610,"date":"2024-10-26T09:39:16","date_gmt":"2024-10-26T07:39:16","guid":{"rendered":"https:\/\/www.ergocontech.no\/shop\/?post_type=product&#038;p=9610"},"modified":"2024-11-23T12:04:49","modified_gmt":"2024-11-23T11:04:49","slug":"game-on","status":"publish","type":"product","link":"https:\/\/www.ergocontech.no\/shop\/produkt\/game-on\/","title":{"rendered":"Game On"},"content":{"rendered":"<p>Game On kan brukes til \u00e5 spille spill enten p\u00e5 en standard PC eller p\u00e5 en Xbox via en Xbox Adaptive Controller. Brukerens Kommunikasjonshjelpemiddel, for eksempel Smartbox Gridpad, Tobii Dynavox I-series, PRC Accent eller en datamaskin med IR-sender, viser et spesielt oppsett for spill med lignende layout som en standard spillkontroller.<\/p>\n<p>Gjennom \u00e5 se p\u00e5 cellene i oppsettet som tilsvarer handlingen for en funksjon p\u00e5 spillkontrolleren, sendes kommandoen videre til spillkonsollen\/spilldatamaskinen for \u00e5 spille spillet. Hver og en av kontrollene p\u00e5 en standard spillkontroller er gjengitt i oppsettet. Det finnes b\u00e5de direkte og tidsbestemte tommelbevegelser og enkle, doble og tidsstyrte trykk p\u00e5 alle knapper, skulderknapper og triggere. Et Rapid-Fire-alternativ er ogs\u00e5 inkludert for alle knapper og triggere.<\/p>\n<p><iframe title=\"Game On 1 - The first in our Game On with Pretorian range!\" width=\"980\" height=\"551\" src=\"https:\/\/www.youtube.com\/embed\/tJsICNO1lKY?feature=oembed\" frameborder=\"0\" allow=\"accelerometer; autoplay; clipboard-write; encrypted-media; gyroscope; picture-in-picture; web-share\" referrerpolicy=\"strict-origin-when-cross-origin\" allowfullscreen><\/iframe><\/p>\n<p>For \u00e5 komme i gang trenger du et kommunikasjonshjelpemiddel, eller en PC utstyrt med IR-sender som kj\u00f8rer ASK-programvare Grid 3, Communicator 5 eller NuVoice, sammen med en Xbox\/Xbox Adaptive Controller-kombinasjon og en Game On-enhet. Se figur 1 for en typisk konfigurasjon.<\/p>\n<p><img fetchpriority=\"high\" decoding=\"async\" class=\"alignnone size-full wp-image-9613\" src=\"https:\/\/www.ergocontech.no\/shop\/wp-content\/uploads\/2024\/10\/Screenshot-2024-10-26-at-09-02-12-Game-On-1-Accessibility-Controller-Pretorian-Technologies.png\" alt=\"\" width=\"550\" height=\"565\" srcset=\"https:\/\/www.ergocontech.no\/shop\/wp-content\/uploads\/2024\/10\/Screenshot-2024-10-26-at-09-02-12-Game-On-1-Accessibility-Controller-Pretorian-Technologies.png 550w, https:\/\/www.ergocontech.no\/shop\/wp-content\/uploads\/2024\/10\/Screenshot-2024-10-26-at-09-02-12-Game-On-1-Accessibility-Controller-Pretorian-Technologies-292x300.png 292w, https:\/\/www.ergocontech.no\/shop\/wp-content\/uploads\/2024\/10\/Screenshot-2024-10-26-at-09-02-12-Game-On-1-Accessibility-Controller-Pretorian-Technologies-324x333.png 324w, https:\/\/www.ergocontech.no\/shop\/wp-content\/uploads\/2024\/10\/Screenshot-2024-10-26-at-09-02-12-Game-On-1-Accessibility-Controller-Pretorian-Technologies-416x427.png 416w\" sizes=\"(max-width: 550px) 100vw, 550px\" \/><\/p>\n<p>Alternativt kan du bruke Game On med en PC utstyrt med IR-sender og ASK-programvare. Se figur 2 for en typisk PC-basert konfigurasjon. Selv om du ikke n\u00f8dvendigvis trenger \u00e5 bruke en Xbox Adaptive Controller i dette tilfellet, er det omstendigheter der dette kan v\u00e6re fordelaktig &#8211; se figur 3.<\/p>\n<p><img decoding=\"async\" class=\"alignnone size-full wp-image-9612\" src=\"https:\/\/www.ergocontech.no\/shop\/wp-content\/uploads\/2024\/10\/Screenshot-2024-10-26-at-09-02-23-Game-On-1-Accessibility-Controller-Pretorian-Technologies.png\" alt=\"\" width=\"550\" height=\"494\" srcset=\"https:\/\/www.ergocontech.no\/shop\/wp-content\/uploads\/2024\/10\/Screenshot-2024-10-26-at-09-02-23-Game-On-1-Accessibility-Controller-Pretorian-Technologies.png 550w, https:\/\/www.ergocontech.no\/shop\/wp-content\/uploads\/2024\/10\/Screenshot-2024-10-26-at-09-02-23-Game-On-1-Accessibility-Controller-Pretorian-Technologies-300x269.png 300w, https:\/\/www.ergocontech.no\/shop\/wp-content\/uploads\/2024\/10\/Screenshot-2024-10-26-at-09-02-23-Game-On-1-Accessibility-Controller-Pretorian-Technologies-324x291.png 324w, https:\/\/www.ergocontech.no\/shop\/wp-content\/uploads\/2024\/10\/Screenshot-2024-10-26-at-09-02-23-Game-On-1-Accessibility-Controller-Pretorian-Technologies-416x374.png 416w\" sizes=\"(max-width: 550px) 100vw, 550px\" \/><\/p>\n<p><img decoding=\"async\" class=\"alignnone size-full wp-image-9611\" src=\"https:\/\/www.ergocontech.no\/shop\/wp-content\/uploads\/2024\/10\/Screenshot-2024-10-26-at-09-02-33-Game-On-1-Accessibility-Controller-Pretorian-Technologies.png\" alt=\"\" width=\"550\" height=\"719\" srcset=\"https:\/\/www.ergocontech.no\/shop\/wp-content\/uploads\/2024\/10\/Screenshot-2024-10-26-at-09-02-33-Game-On-1-Accessibility-Controller-Pretorian-Technologies.png 550w, https:\/\/www.ergocontech.no\/shop\/wp-content\/uploads\/2024\/10\/Screenshot-2024-10-26-at-09-02-33-Game-On-1-Accessibility-Controller-Pretorian-Technologies-229x300.png 229w, https:\/\/www.ergocontech.no\/shop\/wp-content\/uploads\/2024\/10\/Screenshot-2024-10-26-at-09-02-33-Game-On-1-Accessibility-Controller-Pretorian-Technologies-324x424.png 324w, https:\/\/www.ergocontech.no\/shop\/wp-content\/uploads\/2024\/10\/Screenshot-2024-10-26-at-09-02-33-Game-On-1-Accessibility-Controller-Pretorian-Technologies-416x544.png 416w\" sizes=\"(max-width: 550px) 100vw, 550px\" \/><\/p>\n<p>Oppsett kan enkelt tilpasses for bestemte brukere og\/eller bestemte spill, en funksjon som er spesielt nyttig n\u00e5r brukeren har begrenset kognisjon. Redigering av oppsettet er spesielt fordelaktig n\u00e5r du bruker Game On med Xbox Co-Pilot. Og selvf\u00f8lgelig kan du fortsatt bruke \u00e9n eller flere brytere ved siden av Game On ved \u00e5 koble dem til kontaktene p\u00e5 baksiden av Xbox Adaptive Controller.<\/p>\n<p>&nbsp;<\/p>\n<p>Smartbox og Tobii Dynavox har nedlastingsbibliotek for oppsett som ogs\u00e5 lar brukergenererte oppsett deles til fordel for alle. Oppsett for alle tre plattformene er gitt i nedlastingsdelen nedenfor.<\/p>\n<p>&nbsp;<\/p>\n<p>Opptil seks spillprofiler kan lagres og brukes p\u00e5 Game On, enten ved \u00e5 bruke tastaturet eller direkte p\u00e5 ASK-enheten ved \u00e5 bruke \u00f8yestyring. Ulike frofiler er nyttige b\u00e5de for \u00e5 tilpasse spillopplevelsen for individuelle spill eller for ulike brukere, avhengig av deres preferanser og spesielle behov.<\/p>\n<h3><b>Grid<\/b> &#8211; Smartbox<\/h3>\n<p><b>Note:<\/b> When using Game On with a Smartbox Grid Pad running Grid 3, or a PC with connected Abilia Progress Star IR device, use the <b>Game On for Grid 3 on Gridpad<\/b> download. When using it with a PC with connected Tobii EyeR IR device, use <b>Game On for Grid 3 and EyeR<\/b>. When using Game On with a Tobii I-Series running Grid 3, use the <b>Game On for Grid 3 on I-Series<\/b> download.<\/p>\n<div class=\"dwnl\">\n<div><\/div>\n<div class=\"gsetdwn\"><a href=\"https:\/\/grids.thinksmartbox.com\/en\/sensory-software\/0dd04219-ab97-498c-b4f6-b3af2e4d61eb\"><img loading=\"lazy\" decoding=\"async\" class=\"alignnone size-full wp-image-9620\" src=\"https:\/\/www.ergocontech.no\/shop\/wp-content\/uploads\/2024\/10\/Screenshot-2024-10-26-at-10-46-27-Game-On-1-Accessibility-Controller-Pretorian-Technologies.png\" alt=\"\" width=\"180\" height=\"130\" \/><\/a><\/div>\n<p class=\"mid\">Game On for Grid 3 on Gridpad<\/p>\n<\/div>\n<div class=\"dwnl\">\n<div class=\"gsetdwn\"><a href=\"https:\/\/www.ergocontech.no\/download\/Game_On_for_Grid 3_I-Series.gridset\"><img loading=\"lazy\" decoding=\"async\" class=\"alignnone wp-image-9620 size-full\" src=\"https:\/\/www.ergocontech.no\/shop\/wp-content\/uploads\/2024\/10\/Screenshot-2024-10-26-at-10-46-27-Game-On-1-Accessibility-Controller-Pretorian-Technologies.png\" alt=\"\" width=\"180\" height=\"130\" \/><\/a><\/div>\n<p class=\"mid\">Game On for Grid 3 and EyeR<\/p>\n<\/div>\n<div class=\"dwnl\">\n<div class=\"gsetdwn\"><a href=\"https:\/\/www.ergocontech.no\/download\/Game_On_for_Tobii_EyeR.gridset\"><img loading=\"lazy\" decoding=\"async\" class=\"alignnone wp-image-9620 size-full\" src=\"https:\/\/www.ergocontech.no\/shop\/wp-content\/uploads\/2024\/10\/Screenshot-2024-10-26-at-10-46-27-Game-On-1-Accessibility-Controller-Pretorian-Technologies.png\" alt=\"\" width=\"180\" height=\"130\" \/><\/a><\/div>\n<p class=\"mid\">Game On for Grid 3 on Tobii I-Series<\/p>\n<\/div>\n<div><\/div>\n<p>&nbsp;<\/p>\n<h3><b>Communicator 5<\/b> &#8211; Tobii Dynavox<\/h3>\n<p><b>Note:<\/b> When using Game On with a PC running Communicator 5 with connected Tobii EyeR IR device, use <b>Game On for C5 and EyeR<\/b> download. When using Game On with a Tobii I-Series running C5, use the <b>Game On for C5 on I-Series<\/b> download. Please refer to guidance notes for details of how to add the IR files.<\/p>\n<div class=\"dwnl\">\n<div class=\"zipdwn\"><a href=\"https:\/\/www.pretorianuk.com\/images\/gaming\/Tobii_Dynavox_Communicator_5.zip\"><img loading=\"lazy\" decoding=\"async\" class=\"alignnone wp-image-9623 size-full\" src=\"https:\/\/www.ergocontech.no\/shop\/wp-content\/uploads\/2024\/10\/Screenshot-2024-10-26-at-10-46-03-Game-On-1-Accessibility-Controller-Pretorian-Technologies-1.png\" alt=\"\" width=\"130\" height=\"130\" srcset=\"https:\/\/www.ergocontech.no\/shop\/wp-content\/uploads\/2024\/10\/Screenshot-2024-10-26-at-10-46-03-Game-On-1-Accessibility-Controller-Pretorian-Technologies-1.png 130w, https:\/\/www.ergocontech.no\/shop\/wp-content\/uploads\/2024\/10\/Screenshot-2024-10-26-at-10-46-03-Game-On-1-Accessibility-Controller-Pretorian-Technologies-1-100x100.png 100w\" sizes=\"(max-width: 130px) 100vw, 130px\" \/><\/a><\/div>\n<p class=\"mid\">Game On for C5 and EyeR<\/p>\n<p class=\"mid\"><small>Contains a suite of 5 files<\/small><\/p>\n<\/div>\n<div class=\"dwnl\">\n<div class=\"zipdwn\"><a href=\"https:\/\/www.pretorianuk.com\/images\/gaming\/Game_On_for_C5_I-Series.zip\"><img loading=\"lazy\" decoding=\"async\" class=\"alignnone size-full wp-image-9623\" src=\"https:\/\/www.ergocontech.no\/shop\/wp-content\/uploads\/2024\/10\/Screenshot-2024-10-26-at-10-46-03-Game-On-1-Accessibility-Controller-Pretorian-Technologies-1.png\" alt=\"\" width=\"130\" height=\"130\" srcset=\"https:\/\/www.ergocontech.no\/shop\/wp-content\/uploads\/2024\/10\/Screenshot-2024-10-26-at-10-46-03-Game-On-1-Accessibility-Controller-Pretorian-Technologies-1.png 130w, https:\/\/www.ergocontech.no\/shop\/wp-content\/uploads\/2024\/10\/Screenshot-2024-10-26-at-10-46-03-Game-On-1-Accessibility-Controller-Pretorian-Technologies-1-100x100.png 100w\" sizes=\"(max-width: 130px) 100vw, 130px\" \/><\/a><\/div>\n<p class=\"mid\">Game On for C5 on I-Series<\/p>\n<\/div>\n<div><\/div>\n<div class=\"dwnl\">\n<div class=\"pdfdwn\"><a href=\"https:\/\/www.pretorianuk.com\/images\/gaming\/Adding_IR_libraries_to_C5.pdf\"><img loading=\"lazy\" decoding=\"async\" class=\"alignnone size-full wp-image-9622\" src=\"https:\/\/www.ergocontech.no\/shop\/wp-content\/uploads\/2024\/10\/Screenshot-2024-10-26-at-10-45-52-Game-On-1-Accessibility-Controller-Pretorian-Technologies.png\" alt=\"\" width=\"130\" height=\"130\" srcset=\"https:\/\/www.ergocontech.no\/shop\/wp-content\/uploads\/2024\/10\/Screenshot-2024-10-26-at-10-45-52-Game-On-1-Accessibility-Controller-Pretorian-Technologies.png 130w, https:\/\/www.ergocontech.no\/shop\/wp-content\/uploads\/2024\/10\/Screenshot-2024-10-26-at-10-45-52-Game-On-1-Accessibility-Controller-Pretorian-Technologies-100x100.png 100w\" sizes=\"(max-width: 130px) 100vw, 130px\" \/><\/a><\/div>\n<p class=\"mid\">Adding IR libraries to C5<\/p>\n<\/div>\n<div><\/div>\n<p>&nbsp;<\/p>\n<h3><b>NuVoice<\/b> &#8211; PRC Saltillo\/ Liberator<\/h3>\n<div class=\"dwnl\">\n<div class=\"zipdwn\"><a href=\"https:\/\/www.pretorianuk.com\/images\/gaming\/NuVoice.zip\"><img loading=\"lazy\" decoding=\"async\" class=\"alignnone size-full wp-image-9623\" src=\"https:\/\/www.ergocontech.no\/shop\/wp-content\/uploads\/2024\/10\/Screenshot-2024-10-26-at-10-46-03-Game-On-1-Accessibility-Controller-Pretorian-Technologies-1.png\" alt=\"\" width=\"130\" height=\"130\" srcset=\"https:\/\/www.ergocontech.no\/shop\/wp-content\/uploads\/2024\/10\/Screenshot-2024-10-26-at-10-46-03-Game-On-1-Accessibility-Controller-Pretorian-Technologies-1.png 130w, https:\/\/www.ergocontech.no\/shop\/wp-content\/uploads\/2024\/10\/Screenshot-2024-10-26-at-10-46-03-Game-On-1-Accessibility-Controller-Pretorian-Technologies-1-100x100.png 100w\" sizes=\"(max-width: 130px) 100vw, 130px\" \/><\/a><\/div>\n<p class=\"mid\">NuVoice<\/p>\n<p class=\"mid\"><small>Contains a suite of 5 files<\/small><\/p>\n<\/div>\n<div><\/div>\n<h4>Adding Game On page sets to NuVoice on Accent<\/h4>\n<div class=\"dwnl\">\n<div class=\"pdfdwn\"><a href=\"https:\/\/www.pretorianuk.com\/images\/gaming\/Adding_Game_On_page_sets_to_NuVoice_on_Accent_(European devices).pdf\"><img loading=\"lazy\" decoding=\"async\" class=\"alignnone wp-image-9622 size-full\" src=\"https:\/\/www.ergocontech.no\/shop\/wp-content\/uploads\/2024\/10\/Screenshot-2024-10-26-at-10-45-52-Game-On-1-Accessibility-Controller-Pretorian-Technologies.png\" alt=\"\" width=\"130\" height=\"130\" srcset=\"https:\/\/www.ergocontech.no\/shop\/wp-content\/uploads\/2024\/10\/Screenshot-2024-10-26-at-10-45-52-Game-On-1-Accessibility-Controller-Pretorian-Technologies.png 130w, https:\/\/www.ergocontech.no\/shop\/wp-content\/uploads\/2024\/10\/Screenshot-2024-10-26-at-10-45-52-Game-On-1-Accessibility-Controller-Pretorian-Technologies-100x100.png 100w\" sizes=\"(max-width: 130px) 100vw, 130px\" \/><\/a><\/div>\n<p class=\"mid\">European Devices<\/p>\n<\/div>\n<div class=\"dwnl\">\n<div class=\"pdfdwn\"><a href=\"https:\/\/www.pretorianuk.com\/images\/gaming\/Adding_Game_On_page_sets_to_NuVoice_on_Accent_(US devices).pdf\"><img loading=\"lazy\" decoding=\"async\" class=\"alignnone size-full wp-image-9622\" src=\"https:\/\/www.ergocontech.no\/shop\/wp-content\/uploads\/2024\/10\/Screenshot-2024-10-26-at-10-45-52-Game-On-1-Accessibility-Controller-Pretorian-Technologies.png\" alt=\"\" width=\"130\" height=\"130\" srcset=\"https:\/\/www.ergocontech.no\/shop\/wp-content\/uploads\/2024\/10\/Screenshot-2024-10-26-at-10-45-52-Game-On-1-Accessibility-Controller-Pretorian-Technologies.png 130w, https:\/\/www.ergocontech.no\/shop\/wp-content\/uploads\/2024\/10\/Screenshot-2024-10-26-at-10-45-52-Game-On-1-Accessibility-Controller-Pretorian-Technologies-100x100.png 100w\" sizes=\"(max-width: 130px) 100vw, 130px\" \/><\/a><\/div>\n<p class=\"mid\">US Devices<\/p>\n<p>&nbsp;<\/p>\n<\/div>\n<p><a href=\"https:\/\/www.ergocontech.no\/PDF\/Game_On_1_Instructions.pdf\"><img loading=\"lazy\" decoding=\"async\" class=\"alignnone wp-image-778\" src=\"https:\/\/www.ergocontech.no\/shop\/wp-content\/uploads\/2018\/05\/last-ned-1-copy-1-e1546625063281-1024x291.jpg\" alt=\"\" width=\"169\" height=\"48\" srcset=\"https:\/\/www.ergocontech.no\/shop\/wp-content\/uploads\/2018\/05\/last-ned-1-copy-1-e1546625063281-1024x291.jpg 1024w, https:\/\/www.ergocontech.no\/shop\/wp-content\/uploads\/2018\/05\/last-ned-1-copy-1-e1546625063281-300x85.jpg 300w, https:\/\/www.ergocontech.no\/shop\/wp-content\/uploads\/2018\/05\/last-ned-1-copy-1-e1546625063281-768x218.jpg 768w, https:\/\/www.ergocontech.no\/shop\/wp-content\/uploads\/2018\/05\/last-ned-1-copy-1-e1546625063281-416x118.jpg 416w, https:\/\/www.ergocontech.no\/shop\/wp-content\/uploads\/2018\/05\/last-ned-1-copy-1-e1546625063281.jpg 1756w\" sizes=\"(max-width: 169px) 100vw, 169px\" \/><\/a><br \/>\n<span style=\"color: #ffffff;\">GMON1<\/span><\/p>\n","protected":false},"excerpt":{"rendered":"<p>Game On er unikt spillprodukt som gir brukere av kommunikasjonshjelpemidler med \u00f8yestyring kontroll over dataspill med kun \u00f8ynene. Game On tar imot IR-signaler (Infrar\u00f8de signaler) fra kommunikasjonshjelpemidler med IR-sendere og sender de videre til en Xbox Adaptive Controller eller PC.<\/p>\n<p>HMS art.nr 298313<\/p>\n<p><span style=\"color: #0000ff;\">P\u00e5 produsentlager. Estimert levering 11 dager.<\/span><\/p>\n","protected":false},"featured_media":9619,"template":"","meta":[],"product_brand":[],"product_cat":[32,82,81],"product_tag":[],"class_list":{"0":"post-9610","1":"product","2":"type-product","3":"status-publish","4":"has-post-thumbnail","6":"product_cat-gaming","7":"product_cat-pc","8":"product_cat-xbox","10":"first","11":"instock","12":"taxable","13":"shipping-taxable","14":"purchasable","15":"product-type-simple"},"_links":{"self":[{"href":"https:\/\/www.ergocontech.no\/shop\/wp-json\/wp\/v2\/product\/9610","targetHints":{"allow":["GET"]}}],"collection":[{"href":"https:\/\/www.ergocontech.no\/shop\/wp-json\/wp\/v2\/product"}],"about":[{"href":"https:\/\/www.ergocontech.no\/shop\/wp-json\/wp\/v2\/types\/product"}],"wp:featuredmedia":[{"embeddable":true,"href":"https:\/\/www.ergocontech.no\/shop\/wp-json\/wp\/v2\/media\/9619"}],"wp:attachment":[{"href":"https:\/\/www.ergocontech.no\/shop\/wp-json\/wp\/v2\/media?parent=9610"}],"wp:term":[{"taxonomy":"product_brand","embeddable":true,"href":"https:\/\/www.ergocontech.no\/shop\/wp-json\/wp\/v2\/product_brand?post=9610"},{"taxonomy":"product_cat","embeddable":true,"href":"https:\/\/www.ergocontech.no\/shop\/wp-json\/wp\/v2\/product_cat?post=9610"},{"taxonomy":"product_tag","embeddable":true,"href":"https:\/\/www.ergocontech.no\/shop\/wp-json\/wp\/v2\/product_tag?post=9610"}],"curies":[{"name":"wp","href":"https:\/\/api.w.org\/{rel}","templated":true}]}}