{"id":9575,"date":"2024-08-12T18:29:53","date_gmt":"2024-08-12T16:29:53","guid":{"rendered":"https:\/\/www.ergocontech.no\/shop\/?post_type=product&#038;p=9575"},"modified":"2025-02-09T14:24:35","modified_gmt":"2025-02-09T13:24:35","slug":"ram-tough-claw-medium-clamp-ball-base","status":"publish","type":"product","link":"https:\/\/www.ergocontech.no\/shop\/produkt\/ram-tough-claw-medium-clamp-ball-base\/","title":{"rendered":"RAM\u00ae Tough-Claw\u2122 Medium Clamp Ball Base"},"content":{"rendered":"<p><span style=\"font-size: 1.41575em;\">Produkt dimensjoner<\/span><\/p>\n<p>Total h\u00f8yde: 5.25&#8243; (13.34 cm)<\/p>\n<div class=\"w-full md:w-1\/2\">\n<div class=\"product-info-wrapper flex flex-col md:flex-row items-top py-4\">\n<div class=\"flex-1\">\n<p>Total bredde: 1.56&#8243; (3.96 cm)<\/p>\n<p><span style=\"font-size: 1.41575em;\">Klemmingsomr\u00e5de<\/span><\/p>\n<\/div>\n<\/div>\n<div class=\"product-info-wrapper flex flex-col md:flex-row items-top py-4\">\n<div class=\"flex-1\">\n<p>1&#8243; &#8211; 1.6&#8243; diameter (2.54 cm &#8211; 4.06 cm)<\/p>\n<p><span style=\"font-size: 1.41575em;\">St\u00f8rrelse p\u00e5 ball<\/span><\/p>\n<\/div>\n<\/div>\n<div class=\"product-info-wrapper flex flex-col md:flex-row items-top py-4\">\n<div class=\"flex-1\">\n<p>C St\u00f8rrelse (1.5&#8243;) (3.81 cm)<\/p>\n<p><span style=\"font-size: 1.41575em;\">Vekt kapasitet<\/span><\/p>\n<\/div>\n<\/div>\n<div class=\"product-info-wrapper flex flex-col md:flex-row items-top py-4\">\n<div class=\"flex-1\">\n<p>Standard Bruk: 4 lb (1.81 kg)<br \/>\nKraftig bruk: 3 lb (1.36 kg)<\/p>\n<p><span style=\"font-size: 1.41575em;\">Materialer<\/span><\/p>\n<p>H\u00f8ystyrke kompositt<\/p>\n<\/div>\n<\/div>\n<div class=\"product-info-wrapper flex flex-col md:flex-row items-top py-4\">\n<div class=\"flex-1\">\n<p><span style=\"font-size: 1.41575em;\">Vekt<\/span><\/p>\n<\/div>\n<\/div>\n<div class=\"product-info-wrapper flex flex-col md:flex-row items-top py-4\">\n<div class=\"flex-1 \">\n<p>0.67 lb (300 gram)<\/p>\n<p><span style=\"color: #ffffff;\">RAP-404U<\/span><\/p>\n<\/div>\n<\/div>\n<\/div>\n","protected":false},"excerpt":{"rendered":"<p>RAM\u00ae Tough-Claw\u2122 er den perfekte monteringsbasen for verkt\u00f8yl\u00f8s installasjon og fjerning p\u00e5 runde, firkantede og oddetallsformede skinner og stenger. Den mellomstore versjonen av RAM\u00ae Tough-Claw\u2122 kan raskt klemmes p\u00e5 skinner fra 1&#8243; til 1,6&#8243; i ytre diameter og er ideell for montering av telefoner, nettbrett, actionkameraer, stangholdere og mye mer i en rekke forskjellige applikasjoner. Perfekt egnet for montering p\u00e5 \u00e5ket til et fly, styret til sykler og motorsykler, eller til og med p\u00e5 kajakkskinner og velteb\u00f8yler, vil RAM\u00ae Tough-Claw\u2122 snart bli en annen viktig RAM\u00ae-komponent i samlingen din.<\/p>\n","protected":false},"featured_media":9603,"template":"","meta":[],"product_brand":[],"product_cat":[49,33],"product_tag":[],"class_list":{"0":"post-9575","1":"product","2":"type-product","3":"status-publish","4":"has-post-thumbnail","6":"product_cat-deler-c-kule","7":"product_cat-ram","9":"first","10":"instock","11":"taxable","12":"shipping-taxable","13":"purchasable","14":"product-type-simple"},"_links":{"self":[{"href":"https:\/\/www.ergocontech.no\/shop\/wp-json\/wp\/v2\/product\/9575","targetHints":{"allow":["GET"]}}],"collection":[{"href":"https:\/\/www.ergocontech.no\/shop\/wp-json\/wp\/v2\/product"}],"about":[{"href":"https:\/\/www.ergocontech.no\/shop\/wp-json\/wp\/v2\/types\/product"}],"wp:featuredmedia":[{"embeddable":true,"href":"https:\/\/www.ergocontech.no\/shop\/wp-json\/wp\/v2\/media\/9603"}],"wp:attachment":[{"href":"https:\/\/www.ergocontech.no\/shop\/wp-json\/wp\/v2\/media?parent=9575"}],"wp:term":[{"taxonomy":"product_brand","embeddable":true,"href":"https:\/\/www.ergocontech.no\/shop\/wp-json\/wp\/v2\/product_brand?post=9575"},{"taxonomy":"product_cat","embeddable":true,"href":"https:\/\/www.ergocontech.no\/shop\/wp-json\/wp\/v2\/product_cat?post=9575"},{"taxonomy":"product_tag","embeddable":true,"href":"https:\/\/www.ergocontech.no\/shop\/wp-json\/wp\/v2\/product_tag?post=9575"}],"curies":[{"name":"wp","href":"https:\/\/api.w.org\/{rel}","templated":true}]}}