{"id":9481,"date":"2024-08-05T08:37:11","date_gmt":"2024-08-05T06:37:11","guid":{"rendered":"https:\/\/www.ergocontech.no\/shop\/?post_type=product&#038;p=9481"},"modified":"2024-11-23T12:14:42","modified_gmt":"2024-11-23T11:14:42","slug":"xbox-adaptive-controller","status":"publish","type":"product","link":"https:\/\/www.ergocontech.no\/shop\/produkt\/xbox-adaptive-controller\/","title":{"rendered":"XBOX Adaptive Controller"},"content":{"rendered":"<div>\n<h2 class=\"c-heading\">Tilpass opplevelsen din<\/h2>\n<p class=\"c-paragraph\">Bruk Xbox Accessories-appen p\u00e5 Xbox One, Xbox X, Xbox S eller Windows for \u00e5 tilpasse opplevelsen ytterligere ved \u00e5 tilordne knapper og profiler p\u00e5 nytt. Opprett flere kontrollerprofiler i appen, og bytt umiddelbart mellom tre av dem med den innebygde Profil-knappen.<\/p>\n<\/div>\n<p><img fetchpriority=\"high\" decoding=\"async\" class=\"alignnone size-large wp-image-9496\" src=\"https:\/\/www.ergocontech.no\/shop\/wp-content\/uploads\/2024\/08\/378fc13b-4d8e-40b5-89b3-c9601468e155-1024x576.jpg\" alt=\"\" width=\"980\" height=\"551\" srcset=\"https:\/\/www.ergocontech.no\/shop\/wp-content\/uploads\/2024\/08\/378fc13b-4d8e-40b5-89b3-c9601468e155-1024x576.jpg 1024w, https:\/\/www.ergocontech.no\/shop\/wp-content\/uploads\/2024\/08\/378fc13b-4d8e-40b5-89b3-c9601468e155-300x169.jpg 300w, https:\/\/www.ergocontech.no\/shop\/wp-content\/uploads\/2024\/08\/378fc13b-4d8e-40b5-89b3-c9601468e155-768x432.jpg 768w, https:\/\/www.ergocontech.no\/shop\/wp-content\/uploads\/2024\/08\/378fc13b-4d8e-40b5-89b3-c9601468e155-324x182.jpg 324w, https:\/\/www.ergocontech.no\/shop\/wp-content\/uploads\/2024\/08\/378fc13b-4d8e-40b5-89b3-c9601468e155-416x234.jpg 416w, https:\/\/www.ergocontech.no\/shop\/wp-content\/uploads\/2024\/08\/378fc13b-4d8e-40b5-89b3-c9601468e155.jpg 1040w\" sizes=\"(max-width: 980px) 100vw, 980px\" \/><\/p>\n<div class=\"mid\">Eventuelle brytere med 3,5 mm jackplugg kan brukes &#8211; for eksempel Pretorians <a href=\"https:\/\/www.ergocontech.no\/shop\/produkt\/smoothie-75\/\"><b>Smoothie 75<\/b><\/a> og <a href=\"https:\/\/www.ergocontech.no\/shop\/produkt\/smoothie-125\/\"><b>Smoothie 125<\/b><\/a>. Joystickene, om n\u00f8dvendig, m\u00e5 v\u00e6re <a href=\"https:\/\/www.ergocontech.no\/shop\/produkt\/optima-game\/\"><b>Optima Game Joysticks<\/b><\/a> eller <a href=\"https:\/\/www.ergocontech.no\/shop\/produkt\/ultra-joystick\/\"><b>Ultra Joystick.<\/b><\/a><\/div>\n<h4><\/h4>\n<h4><b>Kompatible joysticks<\/b><\/h4>\n<ul>\n<li><a href=\"https:\/\/www.ergocontech.no\/shop\/produkt\/optima-game\/\"><b>Optima Game Joystick<\/b><\/a>, fra Pretorian Technologies<\/li>\n<li><a href=\"https:\/\/www.ergocontech.no\/shop\/produkt\/ultra-joystick\/\"><b>Ultra Joystick<\/b><\/a>, fra Pretorian Technologies<\/li>\n<li><a href=\"https:\/\/www.ergocontech.no\/shop\/produkt\/logitech-extreme-3d-pro\/\">Logitech Extreme 3D Pro, fra Logitech<\/a><\/li>\n<\/ul>\n<h3 id=\"features\" class=\"title pane-toggler-down\">Egenskaper<\/h3>\n<div class=\"pane-slider content pane-down\">\n<table class=\"main_tech materialNo_3421123\">\n<tbody>\n<tr class=\"even\">\n<td class=\"first\">Batteri:<\/td>\n<td>Oppladbar &#8211; litiumion<\/td>\n<\/tr>\n<tr class=\"odd\">\n<td class=\"first\">Tilleggsutstyr inkludert:<\/td>\n<td>USB-C-kabel<\/td>\n<\/tr>\n<tr class=\"even\">\n<td class=\"first\">Bredde:<\/td>\n<td>29.2 cm<\/td>\n<\/tr>\n<tr class=\"odd\">\n<td class=\"first\">Dybde:<\/td>\n<td>13 cm<\/td>\n<\/tr>\n<tr class=\"even\">\n<td class=\"first\">H\u00f8yde:<\/td>\n<td>2.3 cm<\/td>\n<\/tr>\n<tr class=\"odd\">\n<td class=\"first\">Vekt:<\/td>\n<td>552 g<\/td>\n<\/tr>\n<tr class=\"even\">\n<td class=\"first\">Kabellengde:<\/td>\n<td>2.7 m<\/td>\n<\/tr>\n<tr class=\"even\">\n<td class=\"first\">Xbox Wireless support<\/td>\n<td>Innbygd 2-porters USB-hub, 19 x 3,5 mm-porter, \u00a0hodetelefonsport<\/td>\n<\/tr>\n<\/tbody>\n<\/table>\n<div class=\"panel\">\n<div class=\"pane-slider content pane-down\"><span style=\"color: #ffffff;\">JMU-00003<\/span><\/div>\n<\/div>\n<\/div>\n<div>\n<div data-uk-slideshow=\"{animation: 'random-fx',duration: 750,slices: 45,autoplay: true }\">\n<div class=\"uk-position-relative\"><\/div>\n<\/div>\n<\/div>\n","protected":false},"excerpt":{"rendered":"<div>\n<h2 class=\"c-heading\">Spill p\u00e5 din m\u00e5te<\/h2>\n<p class=\"c-paragraph\">Xbox Adaptive Controller er utviklet for \u00e5 dekke behovet til spillere med nedsatt bevegelighet, og er en forent hub for enheter som bidrar til \u00e5 gj\u00f8re spilling mer tilgjengelig.<\/p>\n<div>\n<h2 class=\"c-heading\">Fungerer med en rekke enheter<\/h2>\n<p class=\"c-paragraph\">Koble til eksterne enheter som brytere, knapper, monteringsl\u00f8sninger og joysticks for \u00e5 skape en fungerende l\u00f8sning som er helt din egen, (selges separat) som kobles til via 3,5 mm kontakter og USB-porter.<\/p>\n<\/div>\n<p><span style=\"color: #0000ff;\">P\u00e5 produsentlager. Estimert levering 11 dager.<\/span><br \/>\nNAV art.nr: 244687<\/p>\n<\/div>\n","protected":false},"featured_media":9489,"template":"","meta":[],"product_brand":[],"product_cat":[26,32,82,81],"product_tag":[],"class_list":{"0":"post-9481","1":"product","2":"type-product","3":"status-publish","4":"has-post-thumbnail","6":"product_cat-bryterbokser","7":"product_cat-gaming","8":"product_cat-pc","9":"product_cat-xbox","11":"first","12":"instock","13":"taxable","14":"shipping-taxable","15":"purchasable","16":"product-type-simple"},"_links":{"self":[{"href":"https:\/\/www.ergocontech.no\/shop\/wp-json\/wp\/v2\/product\/9481","targetHints":{"allow":["GET"]}}],"collection":[{"href":"https:\/\/www.ergocontech.no\/shop\/wp-json\/wp\/v2\/product"}],"about":[{"href":"https:\/\/www.ergocontech.no\/shop\/wp-json\/wp\/v2\/types\/product"}],"wp:featuredmedia":[{"embeddable":true,"href":"https:\/\/www.ergocontech.no\/shop\/wp-json\/wp\/v2\/media\/9489"}],"wp:attachment":[{"href":"https:\/\/www.ergocontech.no\/shop\/wp-json\/wp\/v2\/media?parent=9481"}],"wp:term":[{"taxonomy":"product_brand","embeddable":true,"href":"https:\/\/www.ergocontech.no\/shop\/wp-json\/wp\/v2\/product_brand?post=9481"},{"taxonomy":"product_cat","embeddable":true,"href":"https:\/\/www.ergocontech.no\/shop\/wp-json\/wp\/v2\/product_cat?post=9481"},{"taxonomy":"product_tag","embeddable":true,"href":"https:\/\/www.ergocontech.no\/shop\/wp-json\/wp\/v2\/product_tag?post=9481"}],"curies":[{"name":"wp","href":"https:\/\/api.w.org\/{rel}","templated":true}]}}