{"id":9356,"date":"2024-04-14T18:37:14","date_gmt":"2024-04-14T16:37:14","guid":{"rendered":"https:\/\/www.ergocontech.no\/shop\/?post_type=product&#038;p=9356"},"modified":"2025-08-13T19:17:22","modified_gmt":"2025-08-13T17:17:22","slug":"semanux-access-pro","status":"publish","type":"product","link":"https:\/\/www.ergocontech.no\/shop\/produkt\/semanux-access-pro\/","title":{"rendered":"Semanux Access Pro"},"content":{"rendered":"<p><img fetchpriority=\"high\" decoding=\"async\" class=\"alignnone size-large wp-image-9335\" src=\"https:\/\/www.ergocontech.no\/shop\/wp-content\/uploads\/2024\/04\/semanuxpicto-1024x864.jpg\" alt=\"\" width=\"980\" height=\"827\" srcset=\"https:\/\/www.ergocontech.no\/shop\/wp-content\/uploads\/2024\/04\/semanuxpicto-1024x864.jpg 1024w, https:\/\/www.ergocontech.no\/shop\/wp-content\/uploads\/2024\/04\/semanuxpicto-300x253.jpg 300w, https:\/\/www.ergocontech.no\/shop\/wp-content\/uploads\/2024\/04\/semanuxpicto-768x648.jpg 768w, https:\/\/www.ergocontech.no\/shop\/wp-content\/uploads\/2024\/04\/semanuxpicto-1536x1296.jpg 1536w, https:\/\/www.ergocontech.no\/shop\/wp-content\/uploads\/2024\/04\/semanuxpicto-2048x1729.jpg 2048w, https:\/\/www.ergocontech.no\/shop\/wp-content\/uploads\/2024\/04\/semanuxpicto-324x273.jpg 324w, https:\/\/www.ergocontech.no\/shop\/wp-content\/uploads\/2024\/04\/semanuxpicto-416x351.jpg 416w\" sizes=\"(max-width: 980px) 100vw, 980px\" \/><\/p>\r\n<p><strong>Semanux Access<\/strong> er en programvare som lar deg betjene datamaskinen din uten mus og tastatur. Det er flere alternative inntastingsalternativer tilgjengelige for dette form\u00e5let. De viktigste er:<\/p>\r\n<p>&nbsp;<\/p>\r\n<ul>\r\n<li>\u00a0Via webkameraet ditt kan det oppdages n\u00e5r du beveger hodet ditt. Du kan tenke p\u00e5 det slik: hvis du snur hodet til venstre, betyr det at du flytter mark\u00f8ren p\u00e5 skjermen til venstre. P\u00e5 samme m\u00e5te, hvis du snur hodet til h\u00f8yre, opp eller ned. Med Semanux Access er dette nok til \u00e5 betjene hele datamaskinen din.<\/li>\r\n<li>I tillegg til hodebevegelser, er det andre inndata-alternativer eller betjeningsmetoder tilgjengelige: du kan konfigurere Semanux Access for \u00e5 gjenkjenne ansiktsuttrykkene dine via webkameraet ditt \u2013 det vil si om du har \u00e5pnet munnen, lukket \u00f8ynene og s\u00e5 videre. Deretter kan du for eksempel klikke ved \u00e5 \u00e5pne munnen p\u00e5 n\u00e5r mark\u00f8ren er i riktig posisjon.<\/li>\r\n<li>Alternativt kan du ogs\u00e5 bruke fysiske inndata-enheter som brytere, pedaler, kontrollere eller joysticks for \u00e5 gj\u00f8re valg eller klikke. Enten i kombinasjon med gjenkjenning av hodebevegelser eller uten, som du \u00f8nsker det. For eksempel kan du bruke enten hodebevegelser eller en joystick for \u00e5 flytte mark\u00f8ren p\u00e5 skjermen og deretter bruke en pedal for \u00e5 klikke der.<\/li>\r\n<li>For \u00e5 skrive tekst kan du vise et tastatur p\u00e5 skjermen. Her kan du for eksempel med hodebevegelser bestemme hvilke bokstaver som skal tastes. Dette gj\u00f8r det mulig for deg \u00e5 betjene datamaskinen som om du brukte en mus og et tastatur. Dette betyr ogs\u00e5 at med Semanux Access kan du betjene alle programmene p\u00e5 datamaskinen din \u2013 selv de som egentlig bare er utviklet for mus og tastatur.<\/li>\r\n<\/ul>\r\n<p>&nbsp;<\/p>\r\n<figure class=\"wp-block-image size-large is-resized\"><a href=\"https:\/\/www.ergocontech.no\/shop\/semanux-access-nedlasting\/\"><img decoding=\"async\" class=\"alignnone wp-image-9871 size-large\" style=\"width: 268px; height: auto;\" src=\"https:\/\/www.ergocontech.no\/shop\/wp-content\/uploads\/2024\/04\/last-ned-provelisens-copy-1024x503.jpg\" alt=\"\" width=\"980\" height=\"481\" srcset=\"https:\/\/www.ergocontech.no\/shop\/wp-content\/uploads\/2024\/04\/last-ned-provelisens-copy-1024x503.jpg 1024w, https:\/\/www.ergocontech.no\/shop\/wp-content\/uploads\/2024\/04\/last-ned-provelisens-copy-300x148.jpg 300w, https:\/\/www.ergocontech.no\/shop\/wp-content\/uploads\/2024\/04\/last-ned-provelisens-copy-768x378.jpg 768w, https:\/\/www.ergocontech.no\/shop\/wp-content\/uploads\/2024\/04\/last-ned-provelisens-copy-1536x755.jpg 1536w, https:\/\/www.ergocontech.no\/shop\/wp-content\/uploads\/2024\/04\/last-ned-provelisens-copy-324x159.jpg 324w, https:\/\/www.ergocontech.no\/shop\/wp-content\/uploads\/2024\/04\/last-ned-provelisens-copy-416x205.jpg 416w, https:\/\/www.ergocontech.no\/shop\/wp-content\/uploads\/2024\/04\/last-ned-provelisens-copy.jpg 1920w\" sizes=\"(max-width: 980px) 100vw, 980px\" \/><\/a><\/figure>\r\n<p><!-- \/wp:post-content -->\r\n\r\n<!-- wp:columns --><\/p>\r\n<div class=\"wp-block-columns\"><!-- wp:column {\"width\":\"33.33%\"} -->\r\n<div class=\"wp-block-column\" style=\"flex-basis: 33.33%; text-align: left;\"><strong>SUPPORT<\/strong><\/div>\r\n<\/div>\r\n<p style=\"text-align: left;\">Hvis du trenger hjelp med \u00e5 tilpasse innstillinger i Semanux Access p\u00e5 din maskin kan du sende oss en melding. Vi kan da avtale en time der vi er behjelpelige via telefon og fjernstyring for \u00e5 finne de riktige innstillingene som passer deg. Send oss en e-post til <a href=\"mailto:support@ergocontech.no\">support@ergocontech.no<\/a><\/p>\r\n<p><iframe title=\"Semanux Access Pro\" width=\"980\" height=\"551\" src=\"https:\/\/www.youtube.com\/embed\/huJoT_ojUHU?feature=oembed\" frameborder=\"0\" allow=\"accelerometer; autoplay; clipboard-write; encrypted-media; gyroscope; picture-in-picture; web-share\" referrerpolicy=\"strict-origin-when-cross-origin\" allowfullscreen><\/iframe><\/p>\r\n<p><strong>Systemkrav<\/strong><\/p>\r\n<p><!-- \/wp:column -->\r\n\r\n<!-- wp:paragraph --><\/p>\r\n<ul>\r\n<li>En datamaskin med aktivert Microsoft Windows 10 versjon 21H1 i utgavene: Home, Pro, Pro for Workstations, Enterprise, Education, Pro Education (ikke: Home eller Pro i S modus eller en Enterprise LTSC variant), kun 64-bit versjoner, eller<\/li>\r\n<li>En datamaskin med aktivert Microsoft Windows 11 versjon 21H2 i utgavene: Home, Pro, Pro for Workstations, Enterprise, Education, Pro Education, kun 64-bit versjoner, eller<\/li>\r\n<li>En datamaskin med MacOS 13<\/li>\r\n<li>Prosessor med x86-64-arkitektur eller arm64-arkitektur (kun MacOS); minst 2 kjerner med minst 2,0 GHz hver. Grafikkort og grafikk-kortdriver med st\u00f8tte for minst DirectX 12, OpenGL 3.3, Vulkan 1.1 eller Metal (kun macOS).<\/li>\r\n<li>Minne (RAM): 4 GB<\/li>\r\n<li>Harddiskplass: 2 GB<\/li>\r\n<li>Skjerm: Minst en oppl\u00f8sning p\u00e5 1280 x 768 piksler.<\/li>\r\n<li>Aktiv internettforbindelse ved tidspunktet for lisensaktivering.<\/li>\r\n<li>Webkamera med minst 0,9 megapiksler, og 30fps (Ikke inkludert)<\/li>\r\n<li>Avhengig av hvilke inntastingsalternativer som skal brukes, kreves ytterligere inndataenheter som mikrofon, bryter, pedal, kontroller eller joystick. (medf\u00f8lger ikke)<\/li>\r\n<li>Internett forbindelse for \u00e5 kunne bruke de interaktive hjelpefunksjonene p\u00e5 nett.<\/li>\r\n<\/ul>\r\n<!-- \/wp:paragraph -->\r\n\r\n<!-- wp:paragraph \/-->\r\n<p>&nbsp;<\/p>\r\n<!-- \/wp:columns --><!-- \/wp:columns --><!-- \/wp:column -->","protected":false},"excerpt":{"rendered":"<p><strong>Semanux Access<\/strong> er en ny programvare der en gjennom hodebevegelser kan betjene PC eller Mac. Valg eller klikk foreg\u00e5r med dveling, ansiktsbevegelser, lyder, bryter, pedal eller spillkontroll. Programmet muliggj\u00f8r behagelig betjening for personer med kontroll p\u00e5 hodebevegelser og erstatter mus og tastatur. Programmet bruker enhetens innebygde kamera eller et l\u00f8st standard webkamera for \u00e5 spore hodets posisjon. Enbrukerslisens for installasjon p\u00e5 en enhet.<\/p>\n<p>HMS art.nr: 330430<\/p>\n","protected":false},"featured_media":9339,"template":"","meta":[],"product_brand":[],"product_cat":[42,40,30],"product_tag":[],"class_list":{"0":"post-9356","1":"product","2":"type-product","3":"status-publish","4":"has-post-thumbnail","6":"product_cat-mus","7":"product_cat-ovrig","8":"product_cat-programvare","10":"first","11":"instock","12":"taxable","13":"shipping-taxable","14":"product-type-simple"},"_links":{"self":[{"href":"https:\/\/www.ergocontech.no\/shop\/wp-json\/wp\/v2\/product\/9356","targetHints":{"allow":["GET"]}}],"collection":[{"href":"https:\/\/www.ergocontech.no\/shop\/wp-json\/wp\/v2\/product"}],"about":[{"href":"https:\/\/www.ergocontech.no\/shop\/wp-json\/wp\/v2\/types\/product"}],"wp:featuredmedia":[{"embeddable":true,"href":"https:\/\/www.ergocontech.no\/shop\/wp-json\/wp\/v2\/media\/9339"}],"wp:attachment":[{"href":"https:\/\/www.ergocontech.no\/shop\/wp-json\/wp\/v2\/media?parent=9356"}],"wp:term":[{"taxonomy":"product_brand","embeddable":true,"href":"https:\/\/www.ergocontech.no\/shop\/wp-json\/wp\/v2\/product_brand?post=9356"},{"taxonomy":"product_cat","embeddable":true,"href":"https:\/\/www.ergocontech.no\/shop\/wp-json\/wp\/v2\/product_cat?post=9356"},{"taxonomy":"product_tag","embeddable":true,"href":"https:\/\/www.ergocontech.no\/shop\/wp-json\/wp\/v2\/product_tag?post=9356"}],"curies":[{"name":"wp","href":"https:\/\/api.w.org\/{rel}","templated":true}]}}