{"id":9084,"date":"2023-01-05T21:02:34","date_gmt":"2023-01-05T20:02:34","guid":{"rendered":"https:\/\/www.ergocontech.no\/shop\/?post_type=product&#038;p=9084"},"modified":"2024-08-10T12:39:24","modified_gmt":"2024-08-10T10:39:24","slug":"iclick-med-switch-75","status":"publish","type":"product","link":"https:\/\/www.ergocontech.no\/shop\/produkt\/iclick-med-switch-75\/","title":{"rendered":"iClick med Switch 75"},"content":{"rendered":"<p>iClick brukes med 2 tr\u00e5dl\u00f8se brytere i Simply Works mode.<\/p>\n<p>Brytere drives med 1 CR2032 batteri, inkludert.<\/p>\n<p><span class=\"Y2IQFc\" lang=\"no\">Brytere har automatisk str\u00f8msparingsmodus \u2013 ingen av\/p\u00e5-bryter Lang batterilevetid.<\/span><\/p>\n<p>Interferensfri drift p\u00e5 opptil 10 meters avstand.<\/p>\n<p>&nbsp;<\/p>\n<p><strong>-MODUS<\/strong><\/p>\n<p><strong>\u2022 DIRECT:<\/strong> apparatet fungerer mens bryteren holdes nede.<\/p>\n<p><strong>\u2022 LATCHED:<\/strong> ved \u00e5 trykke p\u00e5 bryteren sl\u00e5s apparatet p\u00e5, ved \u00e5 trykke p\u00e5 bryteren igjen sl\u00e5s p\u00e5<\/p>\n<p>apparatet av.<\/p>\n<p><strong>\u2022 SECONDS:<\/strong> lar apparatet fungere i en forh\u00e5ndsinnstilt tidsperiode fra 5 sekunder til 60<\/p>\n<p>sekunder.<\/p>\n<p><strong>\u2022 MINUTES:<\/strong> lar apparatet fungere i en forh\u00e5ndsinnstilt tidsperiode fra 2 til 30 minutter.<\/p>\n<p><strong>\u2022 CO-OPERATIVE<\/strong> (krever at 2 brytere er tilkoblet): begge bryterne m\u00e5 trykkes inn<\/p>\n<p>samtidig for \u00e5 sl\u00e5 p\u00e5 begge utgangene. Begge utgangene sl\u00e5s av n\u00e5r en av de<\/p>\n<p>bryterne slippes.<\/p>\n<p><strong>\u2022 ON\/OFF<\/strong> (krever at 2 brytere er tilkoblet): bryter 1 sl\u00e5r p\u00e5 begge apparatene; bryter 2<\/p>\n<p>sl\u00e5r begge av.<\/p>\n<p>&nbsp;<\/p>\n<p><a href=\"https:\/\/www.ergocontech.no\/PDF\/iClick_(EU).pdf\"><img decoding=\"async\" class=\"alignnone wp-image-778\" src=\"https:\/\/www.ergocontech.no\/shop\/wp-content\/uploads\/2018\/05\/last-ned-1-copy-1-e1546625063281-1024x291.jpg\" alt=\"\" width=\"169\" height=\"48\" srcset=\"https:\/\/www.ergocontech.no\/shop\/wp-content\/uploads\/2018\/05\/last-ned-1-copy-1-e1546625063281-1024x291.jpg 1024w, https:\/\/www.ergocontech.no\/shop\/wp-content\/uploads\/2018\/05\/last-ned-1-copy-1-e1546625063281-300x85.jpg 300w, https:\/\/www.ergocontech.no\/shop\/wp-content\/uploads\/2018\/05\/last-ned-1-copy-1-e1546625063281-768x218.jpg 768w, https:\/\/www.ergocontech.no\/shop\/wp-content\/uploads\/2018\/05\/last-ned-1-copy-1-e1546625063281-416x118.jpg 416w, https:\/\/www.ergocontech.no\/shop\/wp-content\/uploads\/2018\/05\/last-ned-1-copy-1-e1546625063281.jpg 1756w\" sizes=\"(max-width: 169px) 100vw, 169px\" \/><\/a><\/p>\n<p><span style=\"color: #ffffff;\">ICLKEU<\/span><\/p>\n","protected":false},"excerpt":{"rendered":"<p>Den innovative iClick lar deg sl\u00e5 elektriske apparater p\u00e5 og av tr\u00e5dl\u00f8st ved \u00e5 bruke tr\u00e5dl\u00f8se to tr\u00e5dl\u00f8se <a href=\"https:\/\/www.ergocontech.no\/shop\/produkt\/switch-75\/\">Switch 75. (1 gr\u00f8nn og 1 r\u00f8d)<\/a><\/p>\n<p>iClick har to stikkontakter som du kan kontrollere uavhengig.<\/p>\n<p>HMS art.nr: 313793<\/p>\n<p><strong style=\"color: blue;\">P\u00e5 produsentlager: Forventet leveringstid 11 dager.<\/strong><\/p>\n","protected":false},"featured_media":9085,"template":"","meta":[],"product_brand":[],"product_cat":[26],"product_tag":[],"class_list":{"0":"post-9084","1":"product","2":"type-product","3":"status-publish","4":"has-post-thumbnail","6":"product_cat-bryterbokser","8":"first","9":"instock","10":"taxable","11":"shipping-taxable","12":"purchasable","13":"product-type-simple"},"_links":{"self":[{"href":"https:\/\/www.ergocontech.no\/shop\/wp-json\/wp\/v2\/product\/9084","targetHints":{"allow":["GET"]}}],"collection":[{"href":"https:\/\/www.ergocontech.no\/shop\/wp-json\/wp\/v2\/product"}],"about":[{"href":"https:\/\/www.ergocontech.no\/shop\/wp-json\/wp\/v2\/types\/product"}],"wp:featuredmedia":[{"embeddable":true,"href":"https:\/\/www.ergocontech.no\/shop\/wp-json\/wp\/v2\/media\/9085"}],"wp:attachment":[{"href":"https:\/\/www.ergocontech.no\/shop\/wp-json\/wp\/v2\/media?parent=9084"}],"wp:term":[{"taxonomy":"product_brand","embeddable":true,"href":"https:\/\/www.ergocontech.no\/shop\/wp-json\/wp\/v2\/product_brand?post=9084"},{"taxonomy":"product_cat","embeddable":true,"href":"https:\/\/www.ergocontech.no\/shop\/wp-json\/wp\/v2\/product_cat?post=9084"},{"taxonomy":"product_tag","embeddable":true,"href":"https:\/\/www.ergocontech.no\/shop\/wp-json\/wp\/v2\/product_tag?post=9084"}],"curies":[{"name":"wp","href":"https:\/\/api.w.org\/{rel}","templated":true}]}}