{"id":8568,"date":"2020-12-01T19:37:08","date_gmt":"2020-12-01T18:37:08","guid":{"rendered":"https:\/\/www.ergocontech.no\/shop\/?post_type=product&#038;p=8568"},"modified":"2024-06-24T19:04:23","modified_gmt":"2024-06-24T17:04:23","slug":"duo","status":"publish","type":"product","link":"https:\/\/www.ergocontech.no\/shop\/produkt\/duo\/","title":{"rendered":"Duo"},"content":{"rendered":"<div class=\"product attibute description\">\n<div class=\"value\">\n<div data-content-type=\"row\" data-appearance=\"contained\" data-element=\"main\">\n<div data-enable-parallax=\"0\" data-parallax-speed=\"0.5\" data-background-images=\"{}\" data-element=\"inner\">\n<div data-content-type=\"html\" data-appearance=\"default\" data-element=\"main\" data-decoded=\"true\">\n<p>Duo er en tr\u00e5dl\u00f8s mus for alle. Med Duo kan en bruker enkelt kontrollere musepekeren med finmotoriske eller grovmotoriske bevegelser. Venstre- og h\u00f8yreklikk kontrolleres med tilgjengelighetsbrytere eller standard venstre- og h\u00f8yreklikk-knapper p\u00e5 Duo. Duo kan ogs\u00e5 brukes som et frittst\u00e5ende brytergrensesnitt og fungerer med bryterskanningsprogramvare som bruker venstre- eller h\u00f8yreklikk.<\/p>\n<p>Duo inkluderer en optisk sensor med h\u00f8y presisjon som gir jevn og presis mark\u00f8rbevegelse. Det myke belegget p\u00e5 Duo gir komfort ved bruk og gir ogs\u00e5 en sklisikker overflate \u00e5 holde.<\/p>\n<p>Vanlige bruksscenarier inkluderer:<\/p>\n<ul>\n<li>Bruk som standard mus ved \u00e5 aktivere venstre- og h\u00f8yreklikk-knappene eller rullehjulet p\u00e5 Duo.<\/li>\n<li>Brukeren beveger musen med grovmotoriske eller finmotoriske bevegelser for \u00e5 plassere musepekeren p\u00e5 skjermen p\u00e5 \u00f8nsket sted. Brukeren aktiverer deretter en eller to brytere for venstre- og h\u00f8yreklikk.<\/li>\n<li>Brukeren har en partner som beveger musen for \u00e5 plassere musepekeren p\u00e5 skjermen p\u00e5 \u00f8nsket sted. Brukeren aktiverer deretter en eller to brytere for venstre- og h\u00f8yreklikk.<\/li>\n<li>Brukeren trenger ikke \u00e5 flytte en musepeker, men bruker i stedet Duo som et brytergrensesnitt n\u00e5r en brytertilgjengelig programvare reagerer p\u00e5 venstre eller h\u00f8yre museklikk.<\/li>\n<\/ul>\n<p>Duo-funksjoner:<\/p>\n<ul>\n<li>Kobles til via Bluetooth eller medf\u00f8lgende tr\u00e5dl\u00f8s USB-mottaker<\/li>\n<li>Soft-touch belegg er behagelig og gir en sklisikker overflate<\/li>\n<li>Optisk sensor med h\u00f8y presisjon for presis mark\u00f8rbevegelse<\/li>\n<li>Bruk tilgjengelighetsbrytere for venstre- og h\u00f8yreklikk (brytere er ikke inkludert)<\/li>\n<li>Krever 2 AAA-batterier (batterier ikke inkludert)<\/li>\n<\/ul>\n<p>Duo er kompatibel med:<\/p>\n<ul>\n<li>iPad med iPadOS 13 eller nyere, iPhone med iOS 13 eller nyere<\/li>\n<li>De fleste datamaskiner som kj\u00f8rer den nyeste versjonen av macOS eller Windows<\/li>\n<li>Chromebook<\/li>\n<li>De fleste andre enheter som kan bruke en standard Bluetooth- eller USB-mus<\/li>\n<\/ul>\n<\/div>\n<\/div>\n<\/div>\n<\/div>\n<\/div>\n<p><a href=\"https:\/\/www.ergocontech.no\/PDF\/duo_mouse_quick_start_guide.pdf\"><img decoding=\"async\" class=\"alignnone wp-image-778\" src=\"https:\/\/www.ergocontech.no\/shop\/wp-content\/uploads\/2018\/05\/last-ned-1-copy-1-e1546625063281-1024x291.jpg\" alt=\"\" width=\"169\" height=\"48\" srcset=\"https:\/\/www.ergocontech.no\/shop\/wp-content\/uploads\/2018\/05\/last-ned-1-copy-1-e1546625063281-1024x291.jpg 1024w, https:\/\/www.ergocontech.no\/shop\/wp-content\/uploads\/2018\/05\/last-ned-1-copy-1-e1546625063281-300x85.jpg 300w, https:\/\/www.ergocontech.no\/shop\/wp-content\/uploads\/2018\/05\/last-ned-1-copy-1-e1546625063281-768x218.jpg 768w, https:\/\/www.ergocontech.no\/shop\/wp-content\/uploads\/2018\/05\/last-ned-1-copy-1-e1546625063281-416x118.jpg 416w, https:\/\/www.ergocontech.no\/shop\/wp-content\/uploads\/2018\/05\/last-ned-1-copy-1-e1546625063281.jpg 1756w\" sizes=\"(max-width: 169px) 100vw, 169px\" \/><\/a><\/p>\n","protected":false},"excerpt":{"rendered":"<p>Tr\u00e5dl\u00f8s mus med mulighet for brytertilkobling av h\u00f8yre og venstre musknapp. Kan tilkobles med bluetooth eller medf\u00f8lgende USB-mottakere.<\/p>\n","protected":false},"featured_media":8573,"template":"","meta":[],"product_brand":[],"product_cat":[57,42],"product_tag":[],"class_list":{"0":"post-8568","1":"product","2":"type-product","3":"status-publish","4":"has-post-thumbnail","6":"product_cat-betjening","7":"product_cat-mus","9":"first","10":"instock","11":"taxable","12":"shipping-taxable","13":"purchasable","14":"product-type-simple"},"_links":{"self":[{"href":"https:\/\/www.ergocontech.no\/shop\/wp-json\/wp\/v2\/product\/8568","targetHints":{"allow":["GET"]}}],"collection":[{"href":"https:\/\/www.ergocontech.no\/shop\/wp-json\/wp\/v2\/product"}],"about":[{"href":"https:\/\/www.ergocontech.no\/shop\/wp-json\/wp\/v2\/types\/product"}],"wp:featuredmedia":[{"embeddable":true,"href":"https:\/\/www.ergocontech.no\/shop\/wp-json\/wp\/v2\/media\/8573"}],"wp:attachment":[{"href":"https:\/\/www.ergocontech.no\/shop\/wp-json\/wp\/v2\/media?parent=8568"}],"wp:term":[{"taxonomy":"product_brand","embeddable":true,"href":"https:\/\/www.ergocontech.no\/shop\/wp-json\/wp\/v2\/product_brand?post=8568"},{"taxonomy":"product_cat","embeddable":true,"href":"https:\/\/www.ergocontech.no\/shop\/wp-json\/wp\/v2\/product_cat?post=8568"},{"taxonomy":"product_tag","embeddable":true,"href":"https:\/\/www.ergocontech.no\/shop\/wp-json\/wp\/v2\/product_tag?post=8568"}],"curies":[{"name":"wp","href":"https:\/\/api.w.org\/{rel}","templated":true}]}}