{"id":694,"date":"2018-10-31T14:56:10","date_gmt":"2018-10-31T13:56:10","guid":{"rendered":"https:\/\/www.ergocontech.no\/shop\/?post_type=product&#038;p=694"},"modified":"2025-06-22T21:22:04","modified_gmt":"2025-06-22T19:22:04","slug":"mygaze-power","status":"publish","type":"product","link":"https:\/\/www.ergocontech.no\/shop\/produkt\/mygaze-power\/","title":{"rendered":"myGaze Power"},"content":{"rendered":"<nav class=\"container4\">Enheten tilkobles pc via USB 3 kabel.<\/nav>\n<p>Enheten festes p\u00e5 skjerm eller laptop med medf\u00f8lgende vinkelbrakett.<\/p>\n<p>Vinkelbraketten er magnetisk, og det er enkelt \u00e5 flytte \u00f8yestyringsenheten til andre PC og skjermer.<\/p>\n<p>myGaze leveres med nedlastbar driver og programvare for musestyring av PC.<\/p>\n<p>To metallstriper som festes til monitor eller b\u00e6rbar PC medf\u00f8lger.<\/p>\n<figure class=\"right\"><figcaption><iframe src=\"https:\/\/www.youtube.com\/embed\/oiYz6znL7HM\" width=\"400\" height=\"250\" frameborder=\"0\" allowfullscreen=\"allowfullscreen\"><\/iframe><\/figcaption><\/figure>\n<p>&nbsp;<\/p>\n<p>PC-grensesnitt: USB 3.0 \/ Power over USB (max 4.5W)<\/p>\n<p>Setup grensesnitt: Bruk med skjerm eller laptop (10 &laquo;til 27&raquo;)<\/p>\n<p>CPU krav minimum: Intel Core 2 Duo kreves, anbefalt: i3\/i5\/i7 eller AMD Bulldoser family eller senere.<\/p>\n<p>Operativsystem: Microsoft Windows 7 \/ 8 \/ 8.1 \/ 10 (32\/64 Bit)<\/p>\n<p><a href=\"http:\/\/hjelpemiddeldatabasen.no\/blobs\/produktblade\/49561.pdf\"> Tekniske spesifikasjoner kan lastes ned her. <\/a><\/p>\n<p><a href=\"http:\/\/ergocontech.no\/mygaze\/man_mygazep.php\">\u00a0<\/a><\/p>\n<p>&nbsp;<\/p>\n<table style=\"height: 380px;\" width=\"873\">\n<tbody>\n<tr>\n<td><\/td>\n<td><\/td>\n<\/tr>\n<\/tbody>\n<\/table>\n<p>&nbsp;<\/p>\n<p>&nbsp;<\/p>\n<div class=\"container2\">\n<table>\n<tbody>\n<tr>\n<td><\/td>\n<td><\/td>\n<\/tr>\n<\/tbody>\n<\/table>\n<\/div>\n","protected":false},"excerpt":{"rendered":"<p>Art.nr:8443<br \/>\n(Enhet for \u00f8yestyring, programvaren EyeMouse Power)<\/p>\n<p>myGaze Power N er en enhet for \u00f8yestyring av pc og Windowsprogrammer som raskt monteres p\u00e5 pc-skjerm eller p\u00e5 laptop. myGaze Power gir personer med nedsatt funksjonsevne, mulighet til \u00e5 kontrollere PC med de samme mulighetene som med tastatur og mus. Det er en intuitiv, rask og effektiv m\u00e5te \u00e5 f\u00e5 tilgang til alt p\u00e5 datamaskinen: Internett og sosiale medier, musikk og videoer, elektroniske b\u00f8ker og spill, kommunikasjon programvare, e-post, MS Office og mye mer<\/p>\n","protected":false},"featured_media":695,"template":"","meta":[],"product_brand":[],"product_cat":[41],"product_tag":[],"class_list":{"0":"post-694","1":"product","2":"type-product","3":"status-publish","4":"has-post-thumbnail","6":"product_cat-oyestyringsenheter","8":"first","9":"instock","10":"taxable","11":"shipping-taxable","12":"purchasable","13":"product-type-simple"},"_links":{"self":[{"href":"https:\/\/www.ergocontech.no\/shop\/wp-json\/wp\/v2\/product\/694","targetHints":{"allow":["GET"]}}],"collection":[{"href":"https:\/\/www.ergocontech.no\/shop\/wp-json\/wp\/v2\/product"}],"about":[{"href":"https:\/\/www.ergocontech.no\/shop\/wp-json\/wp\/v2\/types\/product"}],"wp:featuredmedia":[{"embeddable":true,"href":"https:\/\/www.ergocontech.no\/shop\/wp-json\/wp\/v2\/media\/695"}],"wp:attachment":[{"href":"https:\/\/www.ergocontech.no\/shop\/wp-json\/wp\/v2\/media?parent=694"}],"wp:term":[{"taxonomy":"product_brand","embeddable":true,"href":"https:\/\/www.ergocontech.no\/shop\/wp-json\/wp\/v2\/product_brand?post=694"},{"taxonomy":"product_cat","embeddable":true,"href":"https:\/\/www.ergocontech.no\/shop\/wp-json\/wp\/v2\/product_cat?post=694"},{"taxonomy":"product_tag","embeddable":true,"href":"https:\/\/www.ergocontech.no\/shop\/wp-json\/wp\/v2\/product_tag?post=694"}],"curies":[{"name":"wp","href":"https:\/\/api.w.org\/{rel}","templated":true}]}}