{"id":613,"date":"2018-10-29T22:18:52","date_gmt":"2018-10-29T21:18:52","guid":{"rendered":"https:\/\/www.ergocontech.no\/shop\/?post_type=product&#038;p=613"},"modified":"2024-02-27T19:07:20","modified_gmt":"2024-02-27T18:07:20","slug":"inclusive-eye-can-fly","status":"publish","type":"product","link":"https:\/\/www.ergocontech.no\/shop\/produkt\/inclusive-eye-can-fly\/","title":{"rendered":"Inclusive Eye Can Fly"},"content":{"rendered":"<div class=\"container5\">\n<div>\n<div style=\"width: 640px;\" class=\"wp-video\"><video class=\"wp-video-shortcode\" id=\"video-613-1\" width=\"640\" height=\"360\" preload=\"metadata\" controls=\"controls\"><source type=\"video\/mp4\" src=\"https:\/\/www.ergocontech.no\/video\/Eye%20Can%20Fly.mp4?_=1\" \/><a href=\"https:\/\/www.ergocontech.no\/video\/Eye%20Can%20Fly.mp4\">https:\/\/www.ergocontech.no\/video\/Eye%20Can%20Fly.mp4<\/a><\/video><\/div>\n<p>&nbsp;<\/p>\n<div>Kan ogs\u00e5 brukes med mus, tastatur, brytere eller alternative musepekere. Vanskelighetsgrad kan stilles. Det forutsettes at brukeren har allerede n\u00e5dd et visst erfaringsniv\u00e5 innen \u00f8yestyring, for eksempel valg p\u00e5 skjerm.I spillet er det mulig \u00e5 fly med ulike fly, luftballong eller l\u00f8pe p\u00e5 bakken.<\/div>\n<\/div>\n<p><a href=\"https:\/\/www.ergocontech.no\/PDF\/eye-can-fly-guidebook.pdf\"><img decoding=\"async\" class=\"alignnone wp-image-778\" src=\"https:\/\/www.ergocontech.no\/shop\/wp-content\/uploads\/2018\/05\/last-ned-1-copy-1-e1546625063281-1024x291.jpg\" alt=\"\" width=\"169\" height=\"48\" srcset=\"https:\/\/www.ergocontech.no\/shop\/wp-content\/uploads\/2018\/05\/last-ned-1-copy-1-e1546625063281-1024x291.jpg 1024w, https:\/\/www.ergocontech.no\/shop\/wp-content\/uploads\/2018\/05\/last-ned-1-copy-1-e1546625063281-300x85.jpg 300w, https:\/\/www.ergocontech.no\/shop\/wp-content\/uploads\/2018\/05\/last-ned-1-copy-1-e1546625063281-768x218.jpg 768w, https:\/\/www.ergocontech.no\/shop\/wp-content\/uploads\/2018\/05\/last-ned-1-copy-1-e1546625063281-416x118.jpg 416w, https:\/\/www.ergocontech.no\/shop\/wp-content\/uploads\/2018\/05\/last-ned-1-copy-1-e1546625063281.jpg 1756w\" sizes=\"(max-width: 169px) 100vw, 169px\" \/><\/a><\/p>\n<p>Nedlastbar versjon med aktiveringskode<\/p>\n<p>1 bruker PC Art.nr:7296 NAV Art.nr:291167<\/p>\n<p>5 brukere PC Art.nr:7297<\/p>\n<p>5 brukere PC (fysisk eksemplar) Art.nr:7297B (NAV Art.nr:234041)<\/p>\n<p><a href=\"https:\/\/s3.eu-west-1.amazonaws.com\/downloads.inclusive.co.uk\/eye-can-fly\/setup.msi\"><img decoding=\"async\" src=\"https:\/\/www.ergocontech.no\/img\/eyecanfly download.jpg\" alt=\"logo\" width=\"800\" \/><\/a><\/p>\n<\/div>\n","protected":false},"excerpt":{"rendered":"<p>Eye Can Fly er et pedagogisk spill utviklet spesielt for bruk sammen med \u00f8yestyring. Spillet gir mulighet for morsom trening av \u00f8yemotorikk og blikkontroll. Eye Can Fly er designet for \u00e5 fungere sammen med ulike fabrikater av \u00f8yestyringsenheter som har mulighet for musemulatorfunksjon.<\/p>\n","protected":false},"featured_media":614,"template":"","meta":[],"product_brand":[],"product_cat":[39,30],"product_tag":[],"class_list":{"0":"post-613","1":"product","2":"type-product","3":"status-publish","4":"has-post-thumbnail","6":"product_cat-oyestyring","7":"product_cat-programvare","9":"first","10":"instock","11":"taxable","12":"shipping-taxable","13":"product-type-grouped"},"_links":{"self":[{"href":"https:\/\/www.ergocontech.no\/shop\/wp-json\/wp\/v2\/product\/613","targetHints":{"allow":["GET"]}}],"collection":[{"href":"https:\/\/www.ergocontech.no\/shop\/wp-json\/wp\/v2\/product"}],"about":[{"href":"https:\/\/www.ergocontech.no\/shop\/wp-json\/wp\/v2\/types\/product"}],"wp:featuredmedia":[{"embeddable":true,"href":"https:\/\/www.ergocontech.no\/shop\/wp-json\/wp\/v2\/media\/614"}],"wp:attachment":[{"href":"https:\/\/www.ergocontech.no\/shop\/wp-json\/wp\/v2\/media?parent=613"}],"wp:term":[{"taxonomy":"product_brand","embeddable":true,"href":"https:\/\/www.ergocontech.no\/shop\/wp-json\/wp\/v2\/product_brand?post=613"},{"taxonomy":"product_cat","embeddable":true,"href":"https:\/\/www.ergocontech.no\/shop\/wp-json\/wp\/v2\/product_cat?post=613"},{"taxonomy":"product_tag","embeddable":true,"href":"https:\/\/www.ergocontech.no\/shop\/wp-json\/wp\/v2\/product_tag?post=613"}],"curies":[{"name":"wp","href":"https:\/\/api.w.org\/{rel}","templated":true}]}}