{"id":434,"date":"2018-06-10T11:06:25","date_gmt":"2018-06-10T09:06:25","guid":{"rendered":"https:\/\/www.ergocontech.no\/shop\/?post_type=product&#038;p=434"},"modified":"2025-06-10T11:42:25","modified_gmt":"2025-06-10T09:42:25","slug":"velour-100mm-selvheftende-meter","status":"publish","type":"product","link":"https:\/\/www.ergocontech.no\/shop\/produkt\/velour-100mm-selvheftende-meter\/","title":{"rendered":"VELOUR 100mm selvheftende metervare"},"content":{"rendered":"<p>Borrel\u00e5sb\u00e5nd selvheftende med l\u00f8kke.<\/p>\n<p>Myk borrel\u00e5s med lav h\u00f8yde og sterkt lim.<\/p>\n<p>VELOUR utgj\u00f8r l\u00f8kkesiden p\u00e5 borrel\u00e5sen og er myk og f\u00f8les som velour-stoff.<\/p>\n<p>Godt alternativ hvis hudkontakt forekommer ved bruk.<\/p>\n<p>Brukes sammen med Ultramate og andre typer kroksystem.<\/p>\n<p>Bredde: 100 mm<\/p>\n<p>Farge: Svart<\/p>\n<p>Lim:PS14<\/p>\n<p>Pris per meter.<\/p>\n","protected":false},"excerpt":{"rendered":"<p>Borrel\u00e5sb\u00e5nd selvheftende med l\u00f8kke.<\/p>\n<p>Myk borrel\u00e5s med lav h\u00f8yde og sterkt lim.<\/p>\n<p>VELOUR utgj\u00f8r l\u00f8kkesiden p\u00e5 borrel\u00e5sen og er myk og f\u00f8les som velour-stoff.<\/p>\n<p>Godt alternativ hvis hudkontakt forekommer ved bruk.<\/p>\n<p>Brukes sammen med Ultramate og andre typer kroksystem.<\/p>\n<p>Pris per meter<\/p>\n","protected":false},"featured_media":417,"template":"","meta":[],"product_brand":[],"product_cat":[29],"product_tag":[],"class_list":{"0":"post-434","1":"product","2":"type-product","3":"status-publish","4":"has-post-thumbnail","6":"product_cat-borrelas","8":"first","9":"instock","10":"taxable","11":"shipping-taxable","12":"purchasable","13":"product-type-simple"},"_links":{"self":[{"href":"https:\/\/www.ergocontech.no\/shop\/wp-json\/wp\/v2\/product\/434","targetHints":{"allow":["GET"]}}],"collection":[{"href":"https:\/\/www.ergocontech.no\/shop\/wp-json\/wp\/v2\/product"}],"about":[{"href":"https:\/\/www.ergocontech.no\/shop\/wp-json\/wp\/v2\/types\/product"}],"wp:featuredmedia":[{"embeddable":true,"href":"https:\/\/www.ergocontech.no\/shop\/wp-json\/wp\/v2\/media\/417"}],"wp:attachment":[{"href":"https:\/\/www.ergocontech.no\/shop\/wp-json\/wp\/v2\/media?parent=434"}],"wp:term":[{"taxonomy":"product_brand","embeddable":true,"href":"https:\/\/www.ergocontech.no\/shop\/wp-json\/wp\/v2\/product_brand?post=434"},{"taxonomy":"product_cat","embeddable":true,"href":"https:\/\/www.ergocontech.no\/shop\/wp-json\/wp\/v2\/product_cat?post=434"},{"taxonomy":"product_tag","embeddable":true,"href":"https:\/\/www.ergocontech.no\/shop\/wp-json\/wp\/v2\/product_tag?post=434"}],"curies":[{"name":"wp","href":"https:\/\/api.w.org\/{rel}","templated":true}]}}