{"id":276,"date":"2018-05-30T12:26:31","date_gmt":"2018-05-30T10:26:31","guid":{"rendered":"https:\/\/www.ergocontech.no\/shop\/?post_type=product&#038;p=276"},"modified":"2025-01-01T13:48:16","modified_gmt":"2025-01-01T12:48:16","slug":"universal","status":"publish","type":"product","link":"https:\/\/www.ergocontech.no\/shop\/produkt\/universal\/","title":{"rendered":"Universal monteringsarm"},"content":{"rendered":"<p>Universal monteringsarm er sterk, fleksibel og p\u00e5litelig. L\u00f8snes med et grep for \u00e5 stille til \u00f8nsket posisjon. Festes i bord, seng, armlene eller annet med medf\u00f8lgende klemme.<\/p>\n<p>Max vektbelasting: 2.3 kg.<br \/>\nRekkevidde: 52 cm.<br \/>\nVekt: 1210 g<br \/>\nTotal lengde: 590 &#8211; 630 mm<br \/>\nGripeevne runde r\u00f8r: 13-55 mm<br \/>\nGripeevne flater: 10-59 mm<\/p>\n<p>Arm og klemme. (Bryter og bryterbrakett kj\u00f8pes separat)<\/p>\n<p><a href=\"https:\/\/www.ergocontech.no\/PDF\/Brukerveiledning Universal monteringsarm s.pdf\"><img decoding=\"async\" class=\"alignnone wp-image-778\" src=\"https:\/\/www.ergocontech.no\/shop\/wp-content\/uploads\/2018\/05\/last-ned-1-copy-1-e1546625063281-1024x291.jpg\" alt=\"\" width=\"169\" height=\"48\" srcset=\"https:\/\/www.ergocontech.no\/shop\/wp-content\/uploads\/2018\/05\/last-ned-1-copy-1-e1546625063281-1024x291.jpg 1024w, https:\/\/www.ergocontech.no\/shop\/wp-content\/uploads\/2018\/05\/last-ned-1-copy-1-e1546625063281-300x85.jpg 300w, https:\/\/www.ergocontech.no\/shop\/wp-content\/uploads\/2018\/05\/last-ned-1-copy-1-e1546625063281-768x218.jpg 768w, https:\/\/www.ergocontech.no\/shop\/wp-content\/uploads\/2018\/05\/last-ned-1-copy-1-e1546625063281-416x118.jpg 416w, https:\/\/www.ergocontech.no\/shop\/wp-content\/uploads\/2018\/05\/last-ned-1-copy-1-e1546625063281.jpg 1756w\" sizes=\"(max-width: 169px) 100vw, 169px\" \/><\/a><\/p>\n<p><span style=\"color: #ffffff;\">100USMSFK<\/span><\/p>\n","protected":false},"excerpt":{"rendered":"<p>Universal monteringsarm er sterk, fleksibel og p\u00e5litelig. L\u00f8snes med et grep for \u00e5 stille til \u00f8nsket posisjon.<\/p>\n<p>Festes i bord, seng, armlene eller annet med medf\u00f8lgende klemme.<\/p>\n<p>NAV art.nr: 290793 <span style=\"color: #ffffff;\">100USMSFK<\/span><\/p>\n<p><strong style=\"color: blue;\">P\u00e5 produsentlager: Forventet leveringstid 11 dager.<\/strong><\/p>\n","protected":false},"featured_media":8710,"template":"","meta":[],"product_brand":[],"product_cat":[28],"product_tag":[],"class_list":{"0":"post-276","1":"product","2":"type-product","3":"status-publish","4":"has-post-thumbnail","6":"product_cat-monteringsarmer","8":"first","9":"instock","10":"taxable","11":"shipping-taxable","12":"purchasable","13":"product-type-simple"},"_links":{"self":[{"href":"https:\/\/www.ergocontech.no\/shop\/wp-json\/wp\/v2\/product\/276","targetHints":{"allow":["GET"]}}],"collection":[{"href":"https:\/\/www.ergocontech.no\/shop\/wp-json\/wp\/v2\/product"}],"about":[{"href":"https:\/\/www.ergocontech.no\/shop\/wp-json\/wp\/v2\/types\/product"}],"wp:featuredmedia":[{"embeddable":true,"href":"https:\/\/www.ergocontech.no\/shop\/wp-json\/wp\/v2\/media\/8710"}],"wp:attachment":[{"href":"https:\/\/www.ergocontech.no\/shop\/wp-json\/wp\/v2\/media?parent=276"}],"wp:term":[{"taxonomy":"product_brand","embeddable":true,"href":"https:\/\/www.ergocontech.no\/shop\/wp-json\/wp\/v2\/product_brand?post=276"},{"taxonomy":"product_cat","embeddable":true,"href":"https:\/\/www.ergocontech.no\/shop\/wp-json\/wp\/v2\/product_cat?post=276"},{"taxonomy":"product_tag","embeddable":true,"href":"https:\/\/www.ergocontech.no\/shop\/wp-json\/wp\/v2\/product_tag?post=276"}],"curies":[{"name":"wp","href":"https:\/\/api.w.org\/{rel}","templated":true}]}}