{"id":10116,"date":"2026-02-23T18:57:43","date_gmt":"2026-02-23T17:57:43","guid":{"rendered":"https:\/\/www.ergocontech.no\/shop\/?post_type=product&#038;p=10116"},"modified":"2026-02-23T19:08:57","modified_gmt":"2026-02-23T18:08:57","slug":"ram-adapter-med-3-8-16-gjenget-stang-og-laseskive-b-storrelse","status":"publish","type":"product","link":"https:\/\/www.ergocontech.no\/shop\/produkt\/ram-adapter-med-3-8-16-gjenget-stang-og-laseskive-b-storrelse\/","title":{"rendered":"RAM\u00ae adapter med 3\/8&#8243;-16 gjenget stang og l\u00e5seskive &#8211; B-st\u00f8rrelse"},"content":{"rendered":"<p class=\"\" data-start=\"0\" data-end=\"296\"><strong data-start=\"311\" data-end=\"325\">Egenskaper<\/strong><\/p>\n<p class=\"\" data-start=\"330\" data-end=\"416\">\n<ul data-start=\"328\" data-end=\"739\" data-is-last-node=\"\" data-is-only-node=\"\">\n<li class=\"\" data-start=\"417\" data-end=\"600\">\n<p class=\"\" data-start=\"419\" data-end=\"600\">Inkludert B-st\u00f8rrelse 1&#8243; RAM\u00ae gummikule gj\u00f8r det mulig \u00e5 koble til hvilken som helst B-st\u00f8rrelse RAM\u00ae dobbelt sokkelarm; kule- og sokkelteknologi gir n\u00e6rmest uendelig justerbarhet<\/p>\n<\/li>\n<li class=\"\" data-start=\"601\" data-end=\"710\">\n<p class=\"\" data-start=\"603\" data-end=\"710\">Laget av pulverlakkert, marine-grad aluminium for holdbarhet og p\u00e5litelighet i de mest krevende milj\u00f8ene<\/p>\n<\/li>\n<li class=\"\" data-start=\"711\" data-end=\"739\">\n<p class=\"\" data-start=\"713\" data-end=\"739\">St\u00f8ttes av livstidsgaranti<\/p>\n<\/li>\n<\/ul>\n<p>&nbsp;<\/p>\n<p><span style=\"color: #ffffff;\">RAM-B-237U<\/span><\/p>\n","protected":false},"excerpt":{"rendered":"<p data-start=\"0\" data-end=\"296\">RAM-B-236U best\u00e5r av en 1 tommers gummikule koblet til en 3\/8&#8243;-16 gjenget stang. Gjengelengden er 0,5&#8243;. RAM-B-236U kan festes til alle armer som er kompatible med 1&#8243; diameter.<\/p>\n<p data-start=\"0\" data-end=\"296\"><span style=\"color: #3366ff;\">P\u00e5 produsentlager. Estimert leveringstid 11 dager.<\/span><\/p>\n","protected":false},"featured_media":10118,"template":"","meta":[],"product_brand":[],"product_cat":[48,33],"product_tag":[],"class_list":{"0":"post-10116","1":"product","2":"type-product","3":"status-publish","4":"has-post-thumbnail","6":"product_cat-deler-b-kule","7":"product_cat-ram","9":"first","10":"instock","11":"taxable","12":"shipping-taxable","13":"purchasable","14":"product-type-simple"},"_links":{"self":[{"href":"https:\/\/www.ergocontech.no\/shop\/wp-json\/wp\/v2\/product\/10116","targetHints":{"allow":["GET"]}}],"collection":[{"href":"https:\/\/www.ergocontech.no\/shop\/wp-json\/wp\/v2\/product"}],"about":[{"href":"https:\/\/www.ergocontech.no\/shop\/wp-json\/wp\/v2\/types\/product"}],"wp:featuredmedia":[{"embeddable":true,"href":"https:\/\/www.ergocontech.no\/shop\/wp-json\/wp\/v2\/media\/10118"}],"wp:attachment":[{"href":"https:\/\/www.ergocontech.no\/shop\/wp-json\/wp\/v2\/media?parent=10116"}],"wp:term":[{"taxonomy":"product_brand","embeddable":true,"href":"https:\/\/www.ergocontech.no\/shop\/wp-json\/wp\/v2\/product_brand?post=10116"},{"taxonomy":"product_cat","embeddable":true,"href":"https:\/\/www.ergocontech.no\/shop\/wp-json\/wp\/v2\/product_cat?post=10116"},{"taxonomy":"product_tag","embeddable":true,"href":"https:\/\/www.ergocontech.no\/shop\/wp-json\/wp\/v2\/product_tag?post=10116"}],"curies":[{"name":"wp","href":"https:\/\/api.w.org\/{rel}","templated":true}]}}