{"id":9020,"date":"2022-11-01T10:36:58","date_gmt":"2022-11-01T09:36:58","guid":{"rendered":"https:\/\/www.ergocontech.no\/shop\/?page_id=9020"},"modified":"2022-11-01T10:36:58","modified_gmt":"2022-11-01T09:36:58","slug":"cynthia","status":"publish","type":"page","link":"https:\/\/www.ergocontech.no\/shop\/cynthia\/","title":{"rendered":"Cynthia"},"content":{"rendered":"\n<p><em>Historien og bilder er delt med tillatelse fra v\u00e5re venner i Nederland som driver stiftelsen bak <a href=\"https:\/\/www.nmagaming.nl\">NMA Gaming<\/a><\/em><\/p>\n\n\n\n<h5 class=\"wp-block-heading\">Kj\u00e6resten min er en fanatisk gamer, og derfor f\u00f8lte jeg et behov for \u00e5 kunne spille sammen ogs\u00e5. En dag kom vi for \u00e5 snakke om NMA-Gaming og mulighetene som denne stiftelsen har. Det gjorde koblingen. P\u00e5 den tiden hadde vi allerede Nintendo Switch hjemme. M\u00e5let mitt var \u00e5 kunne spille spill p\u00e5 dette. N\u00e5 var det slik at NMA-gaming hadde den f\u00f8rste Nintendo Flex-kontrolleren i Nederland p\u00e5 den tiden.<\/h5>\n\n\n\n<figure class=\"wp-block-image\"><img decoding=\"async\" src=\"https:\/\/www.nmagaming.nl\/wp-content\/uploads\/2022\/01\/Cynthia-blog--1024x576.jpg\" alt=\"\" class=\"wp-image-2875\"\/><\/figure>\n\n\n\n<p><strong>Om Cynthia<\/strong><\/p>\n\n\n\n<p>Jeg heter Cynthia van der Winden. Under f\u00f8dselen fikk jeg hjerneskade (cerebral parese) som f\u00f8lge av oksygenmangel. Som et resultat har jeg en liten fysisk begrensning (spastisitet). Denne begrensningen stopper meg ikke fra \u00e5 ta en aktiv del i livet. Sammen med kj\u00e6resten min har jeg mange planer for fremtiden. Vi bor allerede sammen og skal gifte oss i november. Jeg jobber som r\u00e5dgiver Knowledge Strategy Storm Surge Barriers hos Rijkswaterstaat og p\u00e5 fritiden er jeg aktiv i et inkluderende samfunn.<\/p>\n\n\n\n<p>Helt siden jeg var liten har jeg ikke sittet stille p\u00e5 fritiden. Jeg har for eksempel g\u00e5tt p\u00e5 ski i 18 \u00e5r i Foreningen for funksjonshemmede vinteridrettsut\u00f8vere. N\u00e5r jeg g\u00e5r p\u00e5 ski merker jeg hvor mye jeg liker \u00e5 presse grensene mine. \u00c5 presse grenser er noe jeg har gjort hele livet. Jeg ser alltid etter muligheter til \u00e5 delta.<\/p>\n\n\n\n<p><strong>Nintendo Switch<\/strong><\/p>\n\n\n\n<p>Kj\u00e6resten min er en ivrig spiller, og derfor f\u00f8lte jeg et behov for \u00e5 kunne spille sammen ogs\u00e5. Det viste seg \u00e5 v\u00e6re litt av en utfordring. Det er mye spasmer i venstre h\u00e5nd, og det gj\u00f8r absolutt finmotorikken veldig vanskelig. Finmotorikken til h\u00f8yre h\u00e5nd er litt bedre, men heller ikke optimal. \u00c5 finne en m\u00e5te \u00e5 spille med det virket umulig f\u00f8r jeg m\u00f8tte Karin. Karin og jeg er begge medlemmer av Goudse R\u00e5dgivningsr\u00e5d for mennesker med nedsatt funksjonsevne. En dag kom vi for \u00e5 snakke om NMA-gaming og om mulighetene som denne stiftelsen har. <\/p>\n\n\n\n<p>P\u00e5 den tiden hadde vi allerede Nintendo Switch hjemme. M\u00e5let mitt var \u00e5 kunne spille spill p\u00e5 dette. N\u00e5 har det bare skjedd at NMA-gaming hadde den f\u00f8rste Nintendo Flex-kontrolleren i Nederland p\u00e5 den tiden. Kj\u00e6resten min og jeg kj\u00f8rte derfor til Rijndam og der spilte jeg med en modifisert kontroller for f\u00f8rste gang. Det gikk selvsagt ikke helt av seg selv, men jeg f\u00f8lte at det l\u00e5 potensiale i dette. Etter dette ble utstyret sendt til meg og jeg fortsatte \u00e5 eksperimentere hjemme. Med litt telefonforklaring fra Karin og tips fra Ruud klarte jeg \u00e5 lage et spilloppsett som jeg kan jobbe med.<\/p>\n\n\n\n<p><strong>Mitt spilloppsett<\/strong><\/p>\n\n\n\n<p>Nintendo Flex-kontroller<\/p>\n\n\n\n<p>Optima Joystick<\/p>\n\n\n\n<p>Logitech Adaptive Gaming Kit<\/p>\n\n\n\n<p>Nintendo Flex-kontrolleren kan kobles til dokkingstasjonen p\u00e5 Switchen, og den erstatter den originale kontrolleren. Knappene p\u00e5 denne kontrolleren er st\u00f8rre, slik at det kreves mindre finmotorikk. Dette var ikke nok for meg. Knappene er ganske n\u00e6r hverandre og derfor trykker jeg p\u00e5 flere knapper samtidig, spesielt i vanskelige spillsituasjoner. Heldigvis tilbyr kontrolleren muligheten til \u00e5 erstatte hvilken som helst knapp med en bryter fra Logitechs Adaptive Gaming Kit. Du kan plassere denne i \u00f8nsket posisjon og feste den til en overflate med borrel\u00e5s. I tillegg kan du ogs\u00e5 koble Optima Joystick til kontrolleren. Fordi du ogs\u00e5 kan velge en skumball i stedet for pinnen p\u00e5 joysticken, kan den til og med betjenes med venstre h\u00e5nd. P\u00e5 den m\u00e5ten kan jeg bruke min gode h\u00f8yre h\u00e5nd til \u00e5 betjene de andre bryterne.<\/p>\n\n\n\n<p>I utgangspunktet var det vanskelig med venstre h\u00e5nd som konstant trakk i joysticken. Spastisitet kan for\u00e5rsake mye styrke. Heldigvis viste det seg \u00e5 v\u00e6re en l\u00f8sning p\u00e5 dette. Med den sterkeste typen borrel\u00e5s limte vi joysticken til hj\u00f8rnet av et skj\u00e6rebrett. Jeg legger den andre delen av skj\u00e6rebrettet under beinet, slik at jeg kan stoppe joysticken med kroppsvekten. Det fungerer veldig bra, fordi det betyr at jeg ikke trenger \u00e5 fokusere s\u00e5 mye p\u00e5 \u00e5 kontrollere bevegelsen til venstre h\u00e5nd.<\/p>\n\n\n\n<p>Ved \u00e5 velge dette oppsettet m\u00e5 jeg sitte p\u00e5 en sofa mens jeg spiller. Dette har ogs\u00e5 umiddelbart den fordelen at jeg kan innta en avslappet holdning. Dette gj\u00f8r bare spillingen enda enklere.<\/p>\n\n\n\n<figure class=\"wp-block-embed is-type-video is-provider-youtube wp-block-embed-youtube wp-embed-aspect-16-9 wp-has-aspect-ratio\"><div class=\"wp-block-embed__wrapper\">\n<iframe title=\"Cintia&#039;s trick with the Optima Joystick and Nintendo Flex controller\" width=\"980\" height=\"551\" src=\"https:\/\/www.youtube.com\/embed\/otwVHZSWC60?feature=oembed\" frameborder=\"0\" allow=\"accelerometer; autoplay; clipboard-write; encrypted-media; gyroscope; picture-in-picture\" allowfullscreen><\/iframe>\n<\/div><\/figure>\n\n\n\n<p><strong>Nye Super Mario Bros: anbefales!<\/strong><\/p>\n\n\n\n<p>Jeg \u00f8nsket virkelig \u00e5 kunne spille et Mario-spill. Vi valgte denne versjonen bevisst fordi det er et 2D-spill. Dette gj\u00f8r det relativt enkelt med tanke p\u00e5 kontroll, for alt jeg trenger \u00e5 gj\u00f8re er \u00e5 flytte til venstre og h\u00f8yre. Dette gj\u00f8r det mindre lett for meg \u00e5 gj\u00f8re en feil hvis armen min ikke gj\u00f8r som jeg vil p\u00e5 en stund. Det som ogs\u00e5 er en fordel er at jeg i denne versjonen kan stille inn vanskelighetsgraden. S\u00e5 jeg velger \u00e5 stave p\u00e5 det enkleste niv\u00e5et. P\u00e5 dette niv\u00e5et kan ikke fiender drepe meg. Bare hvis jeg faller i kl\u00f8ften, er jeg av. Dette viser seg \u00e5 v\u00e6re en utfordring nok. Likevel fungerer det, og jeg fortsetter \u00e5 gj\u00f8re fremskritt.<\/p>\n\n\n\n<p>Hvert niv\u00e5 jeg passerer f\u00f8les som en seier for meg. Det er igjen disse grensene jeg pusher og som bringer glede til meg og milj\u00f8et mitt. For et halvt \u00e5r siden hadde jeg ikke trodd at jeg skulle lykkes med spilling, men ved hjelp av NMA-gaming gjorde jeg det. Jeg er dem veldig takknemlig for det. Jeg vil pr\u00f8ve ut flere spill i n\u00e6r fremtid. Jeg vil selvf\u00f8lgelig holde NMA-gaming informert, slik at de kan spre tipsene jeg f\u00e5r videre. P\u00e5 denne m\u00e5ten h\u00e5per jeg at andre ogs\u00e5 kan l\u00e6re av mine erfaringer.<\/p>\n\n\n<div class=\"wp-block-image\">\n<figure class=\"alignleft\"><img decoding=\"async\" src=\"https:\/\/www.nmagaming.nl\/wp-content\/uploads\/2022\/01\/Cynthia-1-1024x760.jpeg\" alt=\"\" class=\"wp-image-2878\"\/><\/figure>\n<\/div>\n\n<div class=\"wp-block-image\">\n<figure class=\"alignleft\"><img decoding=\"async\" src=\"https:\/\/www.nmagaming.nl\/wp-content\/uploads\/2022\/01\/Cynthia-2-1024x768.jpeg\" alt=\"\" class=\"wp-image-2879\"\/><\/figure>\n<\/div>","protected":false},"excerpt":{"rendered":"<p>Historien og bilder er delt med tillatelse fra v\u00e5re venner i Nederland som driver stiftelsen bak NMA Gaming Kj\u00e6resten min er en fanatisk gamer, og derfor f\u00f8lte jeg et behov for \u00e5 kunne spille sammen ogs\u00e5. En dag kom vi for \u00e5 snakke om NMA-Gaming og mulighetene som denne stiftelsen har. Det gjorde koblingen. P\u00e5 [&hellip;]<\/p>\n","protected":false},"author":1,"featured_media":0,"parent":0,"menu_order":0,"comment_status":"closed","ping_status":"closed","template":"","meta":{"footnotes":""},"class_list":["post-9020","page","type-page","status-publish","hentry"],"_links":{"self":[{"href":"https:\/\/www.ergocontech.no\/shop\/wp-json\/wp\/v2\/pages\/9020","targetHints":{"allow":["GET"]}}],"collection":[{"href":"https:\/\/www.ergocontech.no\/shop\/wp-json\/wp\/v2\/pages"}],"about":[{"href":"https:\/\/www.ergocontech.no\/shop\/wp-json\/wp\/v2\/types\/page"}],"author":[{"embeddable":true,"href":"https:\/\/www.ergocontech.no\/shop\/wp-json\/wp\/v2\/users\/1"}],"replies":[{"embeddable":true,"href":"https:\/\/www.ergocontech.no\/shop\/wp-json\/wp\/v2\/comments?post=9020"}],"version-history":[{"count":4,"href":"https:\/\/www.ergocontech.no\/shop\/wp-json\/wp\/v2\/pages\/9020\/revisions"}],"predecessor-version":[{"id":9038,"href":"https:\/\/www.ergocontech.no\/shop\/wp-json\/wp\/v2\/pages\/9020\/revisions\/9038"}],"wp:attachment":[{"href":"https:\/\/www.ergocontech.no\/shop\/wp-json\/wp\/v2\/media?parent=9020"}],"curies":[{"name":"wp","href":"https:\/\/api.w.org\/{rel}","templated":true}]}}